CRAN Package Check Results for Package finch

Last updated on 2022-12-03 07:56:35 CET.

Flavor Version Tinstall Tcheck Ttotal Status Flags
r-devel-linux-x86_64-debian-clang 0.4.0 7.04 68.78 75.82 NOTE
r-devel-linux-x86_64-debian-gcc 0.4.0 6.46 51.19 57.65 NOTE
r-devel-linux-x86_64-fedora-clang 0.4.0 105.89 NOTE
r-devel-linux-x86_64-fedora-gcc 0.4.0 107.28 NOTE
r-devel-windows-x86_64 0.4.0 82.00 90.00 172.00 NOTE
r-patched-linux-x86_64 0.4.0 6.12 64.53 70.65 NOTE
r-release-linux-x86_64 0.4.0 6.44 65.15 71.59 NOTE
r-release-macos-arm64 0.4.0 26.00 NOTE
r-release-macos-x86_64 0.4.0 52.00 NOTE
r-release-windows-x86_64 0.4.0 143.00 98.00 241.00 NOTE
r-oldrel-macos-arm64 0.4.0 36.00 NOTE
r-oldrel-macos-x86_64 0.4.0 52.00 NOTE
r-oldrel-windows-ix86+x86_64 0.4.0 22.00 99.00 121.00 NOTE

Check Details

Version: 0.4.0
Check: LazyData
Result: NOTE
     'LazyData' is specified without a 'data' directory
Flavors: r-devel-linux-x86_64-debian-clang, r-devel-linux-x86_64-debian-gcc, r-devel-linux-x86_64-fedora-clang, r-devel-linux-x86_64-fedora-gcc, r-devel-windows-x86_64, r-patched-linux-x86_64, r-release-linux-x86_64, r-release-macos-arm64, r-release-macos-x86_64, r-release-windows-x86_64, r-oldrel-macos-arm64, r-oldrel-macos-x86_64, r-oldrel-windows-ix86+x86_64