CRAN Package Check Results for Package fect

Last updated on 2024-04-17 20:57:34 CEST.

Flavor Version Tinstall Tcheck Ttotal Status Flags
r-devel-linux-x86_64-debian-clang 1.0.0 196.98 145.38 342.36 NOTE
r-devel-linux-x86_64-debian-gcc 1.0.0 144.96 102.54 247.50 NOTE
r-devel-linux-x86_64-fedora-clang 1.0.0 449.88 NOTE
r-devel-linux-x86_64-fedora-gcc 1.0.0 447.12 NOTE
r-prerel-macos-arm64 1.0.0 92.00 NOTE
r-prerel-windows-x86_64 1.0.0 138.00 124.00 262.00 NOTE
r-patched-linux-x86_64 1.0.0 139.42 133.98 273.40 NOTE
r-release-linux-x86_64 1.0.0 152.56 139.37 291.93 NOTE
r-release-macos-arm64 1.0.0 102.00 NOTE
r-release-macos-x86_64 1.0.0 178.00 NOTE
r-release-windows-x86_64 1.0.0 176.00 161.00 337.00 NOTE
r-oldrel-macos-arm64 1.0.0 109.00 NOTE
r-oldrel-windows-x86_64 1.0.0 176.00 151.00 327.00 OK

Check Details

Version: 1.0.0
Check: C++ specification
Result: NOTE Specified C++11: please drop specification unless essential Flavors: r-devel-linux-x86_64-debian-clang, r-devel-linux-x86_64-debian-gcc, r-devel-linux-x86_64-fedora-clang, r-devel-linux-x86_64-fedora-gcc, r-prerel-macos-arm64, r-prerel-windows-x86_64, r-patched-linux-x86_64, r-release-linux-x86_64, r-release-macos-arm64, r-release-macos-x86_64, r-release-windows-x86_64

Version: 1.0.0
Check: dependencies in R code
Result: NOTE Namespace in Imports field not imported from: ‘panelView’ All declared Imports should be used. Flavors: r-devel-linux-x86_64-fedora-clang, r-devel-linux-x86_64-fedora-gcc, r-oldrel-macos-arm64

Version: 1.0.0
Check: installed package size
Result: NOTE installed size is 8.6Mb sub-directories of 1Mb or more: libs 7.2Mb Flavors: r-prerel-macos-arm64, r-release-macos-arm64, r-release-macos-x86_64, r-oldrel-macos-arm64