Last updated on 2023-03-31 20:50:12 CEST.
Flavor | Version | Tinstall | Tcheck | Ttotal | Status | Flags |
---|---|---|---|---|---|---|
r-devel-linux-x86_64-debian-clang | 1.0.0 | 178.52 | 136.89 | 315.41 | NOTE | |
r-devel-linux-x86_64-debian-gcc | 1.0.0 | 143.77 | 100.39 | 244.16 | NOTE | |
r-devel-linux-x86_64-fedora-clang | 1.0.0 | 444.10 | NOTE | |||
r-devel-linux-x86_64-fedora-gcc | 1.0.0 | 404.34 | NOTE | |||
r-devel-windows-x86_64 | 1.0.0 | 143.00 | 0.00 | 143.00 | NOTE | |
r-patched-linux-x86_64 | 1.0.0 | 159.65 | 128.43 | 288.08 | NOTE | |
r-release-linux-x86_64 | 1.0.0 | 158.86 | 129.37 | 288.23 | OK | |
r-release-macos-arm64 | 1.0.0 | 109.00 | NOTE | |||
r-release-macos-x86_64 | 1.0.0 | 129.00 | NOTE | |||
r-release-windows-x86_64 | 1.0.0 | 159.00 | 179.00 | 338.00 | OK | |
r-oldrel-macos-arm64 | 1.0.0 | 109.00 | NOTE | |||
r-oldrel-macos-x86_64 | 1.0.0 | 133.00 | NOTE | |||
r-oldrel-windows-ix86+x86_64 | 1.0.0 | 418.00 | 194.00 | 612.00 | OK |
Version: 1.0.0
Check: C++ specification
Result: NOTE
Specified C++11: please drop specification unless essential
Flavors: r-devel-linux-x86_64-debian-clang, r-devel-linux-x86_64-debian-gcc, r-devel-linux-x86_64-fedora-clang, r-devel-linux-x86_64-fedora-gcc, r-devel-windows-x86_64, r-patched-linux-x86_64
Version: 1.0.0
Check: dependencies in R code
Result: NOTE
Namespace in Imports field not imported from: ‘panelView’
All declared Imports should be used.
Flavors: r-devel-linux-x86_64-fedora-clang, r-devel-linux-x86_64-fedora-gcc, r-release-macos-arm64, r-release-macos-x86_64, r-oldrel-macos-arm64, r-oldrel-macos-x86_64
Version: 1.0.0
Check: installed package size
Result: NOTE
installed size is 9.1Mb
sub-directories of 1Mb or more:
libs 7.7Mb
Flavors: r-release-macos-arm64, r-release-macos-x86_64, r-oldrel-macos-arm64, r-oldrel-macos-x86_64