CRAN Package Check Results for Package fdaACF

Last updated on 2024-02-23 07:52:08 CET.

Flavor Version Tinstall Tcheck Ttotal Status Flags
r-devel-linux-x86_64-debian-clang 1.0.0 OK
r-devel-linux-x86_64-debian-gcc 1.0.0 2.12 31.94 34.06 OK
r-devel-linux-x86_64-fedora-clang 1.0.0 56.11 OK
r-devel-linux-x86_64-fedora-gcc 1.0.0 53.84 OK
r-devel-windows-x86_64 1.0.0 4.00 65.00 69.00 OK
r-patched-linux-x86_64 1.0.0 2.11 40.30 42.41 OK
r-release-linux-x86_64 1.0.0 2.89 41.07 43.96 OK
r-release-macos-arm64 1.0.0 22.00 OK
r-release-macos-x86_64 1.0.0 30.00 NOTE
r-release-windows-x86_64 1.0.0 5.00 65.00 70.00 OK
r-oldrel-macos-arm64 1.0.0 22.00 OK
r-oldrel-windows-x86_64 1.0.0 5.00 65.00 70.00 OK

Check Details

Version: 1.0.0
Check: package dependencies
Result: NOTE Package suggested but not available for checking: ‘fields’ Flavor: r-release-macos-x86_64