Last updated on 2023-03-25 19:54:03 CET.
Flavor | Version | Tinstall | Tcheck | Ttotal | Status | Flags |
---|---|---|---|---|---|---|
r-devel-linux-x86_64-debian-clang | 1.1.0 | 1.81 | 49.79 | 51.60 | NOTE | |
r-devel-linux-x86_64-debian-gcc | 1.1.0 | 1.75 | 37.36 | 39.11 | NOTE | |
r-devel-linux-x86_64-fedora-gcc | 1.1.0 | 60.69 | NOTE | |||
r-patched-linux-x86_64 | 1.1.0 | 2.61 | 50.50 | 53.11 | NOTE | |
r-release-linux-x86_64 | 1.1.0 | 2.00 | 50.21 | 52.21 | NOTE | |
r-release-macos-arm64 | 1.1.0 | 23.00 | NOTE | |||
r-release-macos-x86_64 | 1.1.0 | 29.00 | NOTE | |||
r-release-windows-x86_64 | 1.1.0 | 8.00 | 76.00 | 84.00 | NOTE | |
r-oldrel-macos-arm64 | 1.1.0 | 19.00 | NOTE | |||
r-oldrel-macos-x86_64 | 1.1.0 | 31.00 | NOTE | |||
r-oldrel-windows-ix86+x86_64 | 1.1.0 | 5.00 | 75.00 | 80.00 | NOTE |
Version: 1.1.0
Check: LazyData
Result: NOTE
'LazyData' is specified without a 'data' directory
Flavors: r-devel-linux-x86_64-debian-clang, r-devel-linux-x86_64-debian-gcc, r-devel-linux-x86_64-fedora-gcc, r-patched-linux-x86_64, r-release-linux-x86_64, r-release-macos-arm64, r-release-macos-x86_64, r-release-windows-x86_64, r-oldrel-macos-arm64, r-oldrel-macos-x86_64, r-oldrel-windows-ix86+x86_64
Version: 1.1.0
Check: dependencies in R code
Result: NOTE
Namespace in Imports field not imported from: ‘rgdal’
All declared Imports should be used.
Flavors: r-devel-linux-x86_64-fedora-gcc, r-release-macos-arm64, r-release-macos-x86_64, r-oldrel-macos-arm64, r-oldrel-macos-x86_64