Last updated on 2022-08-07 20:52:14 CEST.
Flavor | Version | Tinstall | Tcheck | Ttotal | Status | Flags |
---|---|---|---|---|---|---|
r-devel-linux-x86_64-debian-clang | 0.0.3 | 125.46 | 66.46 | 191.92 | OK | |
r-devel-linux-x86_64-debian-gcc | 0.0.3 | 113.75 | 54.31 | 168.06 | OK | |
r-devel-linux-x86_64-fedora-clang | 0.0.3 | 285.62 | NOTE | |||
r-devel-linux-x86_64-fedora-gcc | 0.0.3 | 291.14 | OK | |||
r-devel-windows-x86_64 | 0.0.3 | 94.00 | 130.00 | 224.00 | OK | |
r-patched-linux-x86_64 | 0.0.3 | 122.38 | 72.72 | 195.10 | OK | |
r-release-linux-x86_64 | 0.0.3 | 115.87 | 71.79 | 187.66 | OK | |
r-release-macos-arm64 | 0.0.3 | 105.00 | NOTE | |||
r-release-macos-x86_64 | 0.0.3 | 100.00 | NOTE | |||
r-release-windows-x86_64 | 0.0.3 | 88.00 | 127.00 | 215.00 | OK | |
r-oldrel-macos-arm64 | 0.0.3 | 97.00 | NOTE | |||
r-oldrel-macos-x86_64 | 0.0.3 | 99.00 | NOTE | |||
r-oldrel-windows-ix86+x86_64 | 0.0.3 | 283.00 | 124.00 | 407.00 | OK |
Version: 0.0.3
Check: installed package size
Result: NOTE
installed size is 41.7Mb
sub-directories of 1Mb or more:
libs 41.4Mb
Flavors: r-devel-linux-x86_64-fedora-clang, r-release-macos-arm64, r-release-macos-x86_64, r-oldrel-macos-arm64, r-oldrel-macos-x86_64