CRAN Package Check Results for Package farr

Last updated on 2022-11-29 06:50:47 CET.

Flavor Version Tinstall Tcheck Ttotal Status Flags
r-devel-linux-x86_64-debian-clang 0.2.27 6.35 61.16 67.51 OK
r-devel-linux-x86_64-debian-gcc 0.2.27 5.66 46.47 52.13 OK
r-devel-linux-x86_64-fedora-clang 0.2.27 93.84 NOTE
r-devel-linux-x86_64-fedora-gcc 0.2.27 95.47 NOTE
r-devel-windows-x86_64 0.2.27 55.00 99.00 154.00 OK
r-patched-linux-x86_64 0.2.27 6.08 56.01 62.09 OK
r-release-linux-x86_64 0.2.27 6.07 56.87 62.94 OK
r-release-macos-arm64 0.2.27 35.00 NOTE
r-release-macos-x86_64 0.2.27 46.00 NOTE
r-release-windows-x86_64 0.2.27 32.00 97.00 129.00 OK
r-oldrel-macos-arm64 0.2.27 33.00 NOTE
r-oldrel-macos-x86_64 0.2.27 53.00 NOTE
r-oldrel-windows-ix86+x86_64 0.2.27 14.00 84.00 98.00 OK

Check Details

Version: 0.2.27
Check: data for non-ASCII characters
Result: NOTE
     Note: found 1430 marked UTF-8 strings
Flavors: r-devel-linux-x86_64-fedora-clang, r-devel-linux-x86_64-fedora-gcc, r-release-macos-arm64, r-release-macos-x86_64, r-oldrel-macos-arm64, r-oldrel-macos-x86_64