Last updated on 2023-12-01 07:50:04 CET.
Flavor | Version | Tinstall | Tcheck | Ttotal | Status | Flags |
---|---|---|---|---|---|---|
r-devel-linux-x86_64-debian-clang | 0.2.30 | 7.29 | 59.10 | 66.39 | NOTE | |
r-devel-linux-x86_64-debian-gcc | 0.2.30 | 5.36 | 44.13 | 49.49 | NOTE | |
r-devel-linux-x86_64-fedora-clang | 0.2.30 | 80.97 | NOTE | |||
r-devel-linux-x86_64-fedora-gcc | 0.2.30 | 78.05 | NOTE | |||
r-devel-windows-x86_64 | 0.2.30 | 8.00 | 77.00 | 85.00 | OK | |
r-patched-linux-x86_64 | 0.2.30 | 4.95 | 55.61 | 60.56 | OK | |
r-release-linux-x86_64 | 0.2.30 | 4.35 | 56.65 | 61.00 | OK | |
r-release-macos-arm64 | 0.2.30 | 39.00 | OK | |||
r-release-macos-x86_64 | 0.2.30 | 53.00 | OK | |||
r-release-windows-x86_64 | 0.2.30 | 11.00 | 80.00 | 91.00 | OK | |
r-oldrel-macos-arm64 | 0.2.30 | 30.00 | OK | |||
r-oldrel-macos-x86_64 | 0.2.30 | 45.00 | OK | |||
r-oldrel-windows-x86_64 | 0.2.30 | 10.00 | 90.00 | 100.00 | OK |
Version: 0.2.30
Check: Rd files
Result: NOTE
checkRd: (-1) auc.Rd:17: Lost braces; missing escapes or markup?
17 | \item{response}{Responses coded as logical or {0, 1}.}
| ^
checkRd: (-1) confusion_stats.Rd:12: Lost braces; missing escapes or markup?
12 | \item{response}{Responses coded as logical or {0, 1}.}
| ^
checkRd: (-1) confusion_stats.Rd:14: Lost braces; missing escapes or markup?
14 | \item{predicted}{Predicted value coded as {0, 1}}
| ^
checkRd: (-1) ndcg.Rd:12: Lost braces; missing escapes or markup?
12 | \item{response}{Responses coded as logical or {0, 1}.}
| ^
checkRd: (-1) roc.Rd:12: Lost braces; missing escapes or markup?
12 | \item{response}{Responses coded as logical or {0, 1}.}
| ^
Flavors: r-devel-linux-x86_64-debian-clang, r-devel-linux-x86_64-debian-gcc
Version: 0.2.30
Check: data for non-ASCII characters
Result: NOTE
Note: found 1430 marked UTF-8 strings
Flavors: r-devel-linux-x86_64-fedora-clang, r-devel-linux-x86_64-fedora-gcc