CRAN Package Check Results for Package fMRIscrub

Last updated on 2022-11-29 19:06:45 CET.

Flavor Version Tinstall Tcheck Ttotal Status Flags
r-devel-linux-x86_64-debian-clang 0.11.2 7.28 93.86 101.14 OK
r-devel-linux-x86_64-debian-gcc 0.11.2 6.75 71.16 77.91 OK
r-devel-linux-x86_64-fedora-clang 0.11.2 136.18 OK
r-devel-linux-x86_64-fedora-gcc 0.11.2 138.79 OK
r-devel-windows-x86_64 0.11.2 44.00 135.00 179.00 OK
r-patched-linux-x86_64 0.11.2 8.08 83.90 91.98 OK
r-release-linux-x86_64 0.11.2 8.14 84.68 92.82 OK
r-release-macos-arm64 0.11.2 40.00 OK
r-release-macos-x86_64 0.11.2 54.00 OK
r-release-windows-x86_64 0.11.2 53.00 117.00 170.00 OK
r-oldrel-macos-arm64 0.11.2 47.00 WARN
r-oldrel-macos-x86_64 0.11.2 50.00 WARN
r-oldrel-windows-ix86+x86_64 0.11.2 15.00 125.00 140.00 WARN

Check Details

Version: 0.11.2
Check: for unstated dependencies in ‘tests’
Result: WARN
    'library' or 'require' call not declared from: ‘q’
Flavors: r-oldrel-macos-arm64, r-oldrel-macos-x86_64

Version: 0.11.2
Check: for unstated dependencies in ‘tests’
Result: WARN
    Warning: unable to access index for repository https://bioconductor.org/packages/3.14/bioc/src/contrib:
     cannot open URL 'https://bioconductor.org/packages/3.14/bioc/src/contrib/PACKAGES'
    Warning: unable to access index for repository https://bioconductor.org/packages/3.14/data/annotation/src/contrib:
     cannot open URL 'https://bioconductor.org/packages/3.14/data/annotation/src/contrib/PACKAGES'
    Warning: unable to access index for repository https://bioconductor.org/packages/3.14/data/experiment/src/contrib:
     cannot open URL 'https://bioconductor.org/packages/3.14/data/experiment/src/contrib/PACKAGES'
Flavor: r-oldrel-windows-ix86+x86_64