CRAN Package Check Results for Package ezr

Last updated on 2024-07-23 08:49:05 CEST.

Flavor Version Tinstall Tcheck Ttotal Status Flags
r-devel-linux-x86_64-debian-clang 0.1.5 5.68 68.33 74.01 NOTE
r-devel-linux-x86_64-debian-gcc 0.1.5 4.99 49.90 54.89 NOTE
r-devel-linux-x86_64-fedora-clang 0.1.5 99.33 NOTE
r-devel-linux-x86_64-fedora-gcc 0.1.5 86.94 NOTE
r-devel-windows-x86_64 0.1.5 8.00 67.00 75.00 NOTE
r-patched-linux-x86_64 0.1.5 7.50 63.71 71.21 NOTE
r-release-linux-x86_64 0.1.5 5.00 62.68 67.68 NOTE
r-release-macos-arm64 0.1.5 30.00 NOTE
r-release-macos-x86_64 0.1.5 42.00 NOTE
r-release-windows-x86_64 0.1.5 8.00 68.00 76.00 NOTE
r-oldrel-macos-arm64 0.1.5 30.00 NOTE
r-oldrel-macos-x86_64 0.1.5 44.00 NOTE
r-oldrel-windows-x86_64 0.1.5 11.00 78.00 89.00 NOTE

Check Details

Version: 0.1.5
Check: LazyData
Result: NOTE 'LazyData' is specified without a 'data' directory Flavors: r-devel-linux-x86_64-debian-clang, r-devel-linux-x86_64-debian-gcc, r-devel-linux-x86_64-fedora-clang, r-devel-linux-x86_64-fedora-gcc, r-devel-windows-x86_64, r-patched-linux-x86_64, r-release-linux-x86_64, r-release-macos-arm64, r-release-macos-x86_64, r-release-windows-x86_64, r-oldrel-macos-arm64, r-oldrel-macos-x86_64, r-oldrel-windows-x86_64