CRAN Package Check Results for Package ezr

Last updated on 2023-03-28 08:54:49 CEST.

Flavor Version Tinstall Tcheck Ttotal Status Flags
r-devel-linux-x86_64-debian-clang 0.1.5 7.95 66.64 74.59 NOTE
r-devel-linux-x86_64-debian-gcc 0.1.5 6.30 48.44 54.74 NOTE
r-devel-linux-x86_64-fedora-clang 0.1.5 90.28 NOTE
r-devel-linux-x86_64-fedora-gcc 0.1.5 84.01 NOTE
r-patched-linux-x86_64 0.1.5 7.70 60.16 67.86 NOTE
r-release-linux-x86_64 0.1.5 5.86 64.20 70.06 NOTE
r-release-macos-arm64 0.1.5 31.00 NOTE
r-release-macos-x86_64 0.1.5 51.00 NOTE
r-release-windows-x86_64 0.1.5 13.00 95.00 108.00 NOTE
r-oldrel-macos-arm64 0.1.5 35.00 NOTE
r-oldrel-macos-x86_64 0.1.5 49.00 NOTE
r-oldrel-windows-ix86+x86_64 0.1.5 21.00 89.00 110.00 NOTE

Check Details

Version: 0.1.5
Check: LazyData
Result: NOTE
     'LazyData' is specified without a 'data' directory
Flavors: r-devel-linux-x86_64-debian-clang, r-devel-linux-x86_64-debian-gcc, r-devel-linux-x86_64-fedora-clang, r-devel-linux-x86_64-fedora-gcc, r-patched-linux-x86_64, r-release-linux-x86_64, r-release-macos-arm64, r-release-macos-x86_64, r-release-windows-x86_64, r-oldrel-macos-arm64, r-oldrel-macos-x86_64, r-oldrel-windows-ix86+x86_64