Last updated on 2023-03-25 07:59:32 CET.
Flavor | Version | Tinstall | Tcheck | Ttotal | Status | Flags |
---|---|---|---|---|---|---|
r-devel-linux-x86_64-debian-clang | 0.3.9 | 11.19 | 89.76 | 100.95 | OK | |
r-devel-linux-x86_64-debian-gcc | 0.3.9 | 9.27 | 66.69 | 75.96 | OK | |
r-devel-linux-x86_64-fedora-clang | 0.3.9 | 126.43 | OK | |||
r-devel-linux-x86_64-fedora-gcc | 0.3.9 | 135.59 | OK | |||
r-patched-linux-x86_64 | 0.3.9 | 9.38 | 87.84 | 97.22 | NOTE | |
r-release-linux-x86_64 | 0.3.9 | 7.63 | 87.49 | 95.12 | OK | |
r-release-macos-arm64 | 0.3.9 | 39.00 | OK | |||
r-release-macos-x86_64 | 0.3.9 | 69.00 | OK | |||
r-release-windows-x86_64 | 0.3.9 | 36.00 | 125.00 | 161.00 | OK | |
r-oldrel-macos-arm64 | 0.3.9 | 42.00 | OK | |||
r-oldrel-macos-x86_64 | 0.3.9 | 48.00 | OK | |||
r-oldrel-windows-ix86+x86_64 | 0.3.9 | 23.00 | 118.00 | 141.00 | OK |
Version: 0.3.9
Check: package dependencies
Result: NOTE
Package suggested but not available for checking: ‘quanteda.textmodels’
Flavor: r-patched-linux-x86_64
Version: 0.3.9
Check: Rd cross-references
Result: NOTE
Unknown package ‘quanteda.textmodels’ in Rd xrefs
Flavor: r-patched-linux-x86_64