Last updated on 2023-09-23 08:10:54 CEST.
Flavor | Version | Tinstall | Tcheck | Ttotal | Status | Flags |
---|---|---|---|---|---|---|
r-devel-linux-x86_64-debian-clang | 0.1.0 | 6.09 | 47.96 | 54.05 | OK | |
r-devel-linux-x86_64-debian-gcc | 0.1.0 | 5.36 | 36.00 | 41.36 | OK | |
r-devel-linux-x86_64-fedora-clang | 0.1.0 | 69.15 | NOTE | |||
r-devel-linux-x86_64-fedora-gcc | 0.1.0 | 63.75 | NOTE | |||
r-devel-windows-x86_64 | 0.1.0 | 9.00 | 63.00 | 72.00 | OK | |
r-patched-linux-x86_64 | 0.1.0 | 5.54 | 46.08 | 51.62 | OK | |
r-release-linux-x86_64 | 0.1.0 | 4.08 | 46.31 | 50.39 | OK | |
r-release-macos-arm64 | 0.1.0 | 25.00 | OK | |||
r-release-macos-x86_64 | 0.1.0 | 38.00 | OK | |||
r-release-windows-x86_64 | 0.1.0 | 10.00 | 65.00 | 75.00 | OK | |
r-oldrel-macos-arm64 | 0.1.0 | 24.00 | NOTE | |||
r-oldrel-macos-x86_64 | 0.1.0 | 38.00 | NOTE | |||
r-oldrel-windows-x86_64 | 0.1.0 | 9.00 | 62.00 | 71.00 | OK |
Version: 0.1.0
Check: dependencies in R code
Result: NOTE
Namespace in Imports field not imported from: ‘tidyverse’
All declared Imports should be used.
Flavors: r-devel-linux-x86_64-fedora-clang, r-devel-linux-x86_64-fedora-gcc, r-oldrel-macos-arm64, r-oldrel-macos-x86_64