Last updated on 2022-08-07 20:52:14 CEST.
Flavor | Version | Tinstall | Tcheck | Ttotal | Status | Flags |
---|---|---|---|---|---|---|
r-devel-linux-x86_64-debian-clang | 2.5.2 | 26.25 | 108.17 | 134.42 | NOTE | |
r-devel-linux-x86_64-debian-gcc | 2.5.2 | 18.63 | 81.61 | 100.24 | NOTE | |
r-devel-linux-x86_64-fedora-clang | 2.5.2 | 177.37 | OK | |||
r-devel-linux-x86_64-fedora-gcc | 2.5.2 | 162.58 | OK | |||
r-devel-windows-x86_64 | 2.5.2 | 63.00 | 137.00 | 200.00 | NOTE | |
r-patched-linux-x86_64 | 2.5.2 | 23.96 | 103.07 | 127.03 | NOTE | |
r-release-linux-x86_64 | 2.5.2 | 22.63 | 102.19 | 124.82 | NOTE | |
r-release-macos-arm64 | 2.5.2 | 40.00 | NOTE | |||
r-release-macos-x86_64 | 2.5.2 | 64.00 | NOTE | |||
r-release-windows-x86_64 | 2.5.2 | 99.00 | 146.00 | 245.00 | NOTE | |
r-oldrel-macos-arm64 | 2.5.2 | 40.00 | NOTE | |||
r-oldrel-macos-x86_64 | 2.5.2 | 61.00 | NOTE | |||
r-oldrel-windows-ix86+x86_64 | 2.5.2 | 56.00 | 171.00 | 227.00 | OK |
Version: 2.5.2
Check: package dependencies
Result: NOTE
Package suggested but not available for checking: 'INLA'
Flavors: r-devel-linux-x86_64-debian-clang, r-devel-linux-x86_64-debian-gcc, r-devel-windows-x86_64, r-patched-linux-x86_64, r-release-linux-x86_64, r-release-macos-arm64, r-release-macos-x86_64, r-release-windows-x86_64, r-oldrel-macos-arm64, r-oldrel-macos-x86_64