CRAN Package Check Results for Package excessmort

Last updated on 2022-09-27 20:53:01 CEST.

Flavor Version Tinstall Tcheck Ttotal Status Flags
r-devel-linux-x86_64-debian-clang 0.6.1 20.92 180.26 201.18 OK
r-devel-linux-x86_64-debian-gcc 0.6.1 18.85 132.10 150.95 OK
r-devel-linux-x86_64-fedora-clang 0.6.1 265.99 NOTE
r-devel-linux-x86_64-fedora-gcc 0.6.1 271.68 NOTE
r-devel-windows-x86_64 0.6.1 43.00 208.00 251.00 OK
r-patched-linux-x86_64 0.6.1 23.27 170.99 194.26 OK
r-release-linux-x86_64 0.6.1 23.81 169.91 193.72 OK
r-release-macos-arm64 0.6.1 80.00 NOTE
r-release-macos-x86_64 0.6.1 145.00 NOTE
r-release-windows-x86_64 0.6.1 56.00 198.00 254.00 OK
r-oldrel-macos-arm64 0.6.1 88.00 NOTE
r-oldrel-macos-x86_64 0.6.1 97.00 NOTE
r-oldrel-windows-ix86+x86_64 0.6.1 38.00 214.00 252.00 OK

Check Details

Version: 0.6.1
Check: data for non-ASCII characters
Result: NOTE
     Note: found 342 marked UTF-8 strings
Flavors: r-devel-linux-x86_64-fedora-clang, r-devel-linux-x86_64-fedora-gcc, r-release-macos-arm64, r-release-macos-x86_64, r-oldrel-macos-arm64, r-oldrel-macos-x86_64