CRAN Package Check Results for Package evgam

Last updated on 2023-03-28 08:54:49 CEST.

Flavor Version Tinstall Tcheck Ttotal Status Flags
r-devel-linux-x86_64-debian-clang 1.0.0 216.23 65.98 282.21 NOTE
r-devel-linux-x86_64-debian-gcc 1.0.0 177.62 50.51 228.13 NOTE
r-devel-linux-x86_64-fedora-clang 1.0.0 443.76 NOTE
r-devel-linux-x86_64-fedora-gcc 1.0.0 379.14 NOTE
r-patched-linux-x86_64 1.0.0 175.82 63.50 239.32 NOTE
r-release-linux-x86_64 1.0.0 187.48 62.26 249.74 OK
r-release-macos-arm64 1.0.0 92.00 NOTE
r-release-macos-x86_64 1.0.0 110.00 NOTE
r-release-windows-x86_64 1.0.0 189.00 123.00 312.00 OK
r-oldrel-macos-arm64 1.0.0 86.00 NOTE
r-oldrel-macos-x86_64 1.0.0 108.00 NOTE
r-oldrel-windows-ix86+x86_64 1.0.0 537.00 122.00 659.00 OK

Check Details

Version: 1.0.0
Check: C++ specification
Result: NOTE
     Specified C++11: please drop specification unless essential
Flavors: r-devel-linux-x86_64-debian-clang, r-devel-linux-x86_64-debian-gcc, r-devel-linux-x86_64-fedora-clang, r-devel-linux-x86_64-fedora-gcc, r-patched-linux-x86_64

Version: 1.0.0
Check: installed package size
Result: NOTE
     installed size is 7.5Mb
     sub-directories of 1Mb or more:
     libs 6.7Mb
Flavors: r-release-macos-arm64, r-release-macos-x86_64, r-oldrel-macos-arm64, r-oldrel-macos-x86_64