Last updated on 2025-01-18 19:49:06 CET.
Flavor | Version | Tinstall | Tcheck | Ttotal | Status | Flags |
---|---|---|---|---|---|---|
r-devel-linux-x86_64-debian-clang | 7.0.2 | 89.02 | 86.71 | 175.73 | OK | |
r-devel-linux-x86_64-debian-gcc | 7.0.2 | 60.54 | 64.26 | 124.80 | OK | |
r-devel-linux-x86_64-fedora-clang | 7.0.2 | 347.06 | OK | |||
r-devel-linux-x86_64-fedora-gcc | 7.0.2 | 345.47 | OK | |||
r-devel-windows-x86_64 | 7.0.2 | 97.00 | 120.00 | 217.00 | OK | |
r-patched-linux-x86_64 | 7.0.2 | 88.30 | 79.95 | 168.25 | OK | |
r-release-linux-x86_64 | 7.0.2 | 83.14 | 79.75 | 162.89 | OK | |
r-release-macos-arm64 | 7.0.2 | 81.00 | NOTE | |||
r-release-macos-x86_64 | 7.0.2 | 150.00 | NOTE | |||
r-release-windows-x86_64 | 7.0.2 | 97.00 | 117.00 | 214.00 | OK | |
r-oldrel-macos-arm64 | 7.0.2 | 87.00 | NOTE | |||
r-oldrel-macos-x86_64 | 7.0.2 | 132.00 | NOTE | |||
r-oldrel-windows-x86_64 | 7.0.2 | 110.00 | 138.00 | 248.00 | OK |
Version: 7.0.2
Check: installed package size
Result: NOTE
installed size is 5.7Mb
sub-directories of 1Mb or more:
doc 1.3Mb
libs 3.6Mb
Flavors: r-release-macos-arm64, r-release-macos-x86_64, r-oldrel-macos-arm64, r-oldrel-macos-x86_64