CRAN Package Check Results for Package estadistica

Last updated on 2022-11-16 08:02:50 CET.

Flavor Version Tinstall Tcheck Ttotal Status Flags
r-devel-linux-x86_64-debian-clang 0.2.2 OK
r-devel-linux-x86_64-debian-gcc 0.2.2 16.63 100.75 117.38 OK
r-devel-linux-x86_64-fedora-clang 0.2.2 200.96 NOTE
r-devel-linux-x86_64-fedora-gcc 0.2.2 197.96 NOTE
r-devel-windows-x86_64 0.2.2 124.00 168.00 292.00 OK
r-patched-linux-x86_64 0.2.2 18.25 124.41 142.66 OK
r-release-linux-x86_64 0.2.2 16.02 124.91 140.93 OK
r-release-macos-arm64 0.2.2 49.00 NOTE
r-release-macos-x86_64 0.2.2 68.00 NOTE
r-release-windows-x86_64 0.2.2 150.00 163.00 313.00 OK
r-oldrel-macos-arm64 0.2.2 51.00 NOTE
r-oldrel-macos-x86_64 0.2.2 70.00 NOTE
r-oldrel-windows-ix86+x86_64 0.2.2 39.00 146.00 185.00 OK

Check Details

Version: 0.2.2
Check: data for non-ASCII characters
Result: NOTE
     Note: found 3 marked UTF-8 strings
Flavors: r-devel-linux-x86_64-fedora-clang, r-devel-linux-x86_64-fedora-gcc, r-release-macos-arm64, r-release-macos-x86_64, r-oldrel-macos-arm64, r-oldrel-macos-x86_64