CRAN Package Check Results for Package ergm

Last updated on 2022-08-11 20:50:03 CEST.

Flavor Version Tinstall Tcheck Ttotal Status Flags
r-devel-linux-x86_64-debian-clang 4.2.2 82.28 0.02 82.30 FAIL --no-vignettes
r-devel-linux-x86_64-debian-gcc 4.2.2 70.51 1160.95 1231.46 NOTE --no-vignettes
r-devel-linux-x86_64-fedora-clang 4.2.2 2167.34 NOTE
r-devel-linux-x86_64-fedora-gcc 4.2.2 2405.05 NOTE
r-devel-windows-x86_64 4.2.2 232.00 420.00 652.00 NOTE --no-examples --no-tests --no-vignettes
r-patched-linux-x86_64 4.2.2 524.76 1347.82 1872.58 WARN --no-vignettes
r-release-linux-x86_64 4.2.2 79.66 1349.01 1428.67 OK --no-vignettes
r-release-macos-arm64 4.2.2 548.00 NOTE
r-release-macos-x86_64 4.2.2 682.00 NOTE
r-release-windows-x86_64 4.2.2 267.00 427.00 694.00 OK --no-examples --no-tests --no-vignettes
r-oldrel-macos-arm64 4.2.2 444.00 NOTE
r-oldrel-macos-x86_64 4.2.2 689.00 NOTE
r-oldrel-windows-ix86+x86_64 4.2.2 216.00 535.00 751.00 NOTE --no-examples --no-tests --no-vignettes

Check Details

Version: 4.2.2
Flags: --no-vignettes
Check: Rd files
Result: NOTE
    checkRd: (-1) ergm-package.Rd:105: Escaped LaTeX specials: \#
    checkRd: (-1) ergm.Rd:441: Escaped LaTeX specials: \#
    checkRd: (-1) faux.mesa.high.Rd:45: Escaped LaTeX specials: \&
    checkRd: (-1) florentine.Rd:23: Escaped LaTeX specials: \&
    checkRd: (-1) florentine.Rd:30: Escaped LaTeX specials: \&
    checkRd: (-1) florentine.Rd:39: Escaped LaTeX specials: \&
Flavors: r-devel-linux-x86_64-debian-clang, r-devel-linux-x86_64-debian-gcc

Version: 4.2.2
Flags: --no-vignettes
Check: HTML version of manual
Result: FAIL
Flavor: r-devel-linux-x86_64-debian-clang

Version: 4.2.2
Flags: --no-vignettes
Check: HTML version of manual
Result: NOTE
    Found the following HTML validation problems:
    BDStratTNT-ergmProposal.html:41:1: Warning: moved <style> tag to <head>! fix-style-tags: no to avoid.
    CondB1Degree-ergmProposal.html:31:1: Warning: moved <style> tag to <head>! fix-style-tags: no to avoid.
    CondB2Degree-ergmProposal.html:31:1: Warning: moved <style> tag to <head>! fix-style-tags: no to avoid.
    CondDegree-ergmProposal.html:33:1: Warning: moved <style> tag to <head>! fix-style-tags: no to avoid.
    CondDegreeDist-ergmProposal.html:31:1: Warning: moved <style> tag to <head>! fix-style-tags: no to avoid.
    CondDegreeMix-ergmProposal.html:30:1: Warning: moved <style> tag to <head>! fix-style-tags: no to avoid.
    CondInDegree-ergmProposal.html:30:1: Warning: moved <style> tag to <head>! fix-style-tags: no to avoid.
    CondInDegreeDist-ergmProposal.html:30:1: Warning: moved <style> tag to <head>! fix-style-tags: no to avoid.
    CondOutDegree-ergmProposal.html:30:1: Warning: moved <style> tag to <head>! fix-style-tags: no to avoid.
    CondOutDegreeDist-ergmProposal.html:30:1: Warning: moved <style> tag to <head>! fix-style-tags: no to avoid.
    ConstantEdges-ergmProposal.html:35:1: Warning: moved <style> tag to <head>! fix-style-tags: no to avoid.
    DiscUnif-ergmProposal.html:29:1: Warning: moved <style> tag to <head>! fix-style-tags: no to avoid.
    DiscUnif2-ergmProposal.html:29:1: Warning: moved <style> tag to <head>! fix-style-tags: no to avoid.
    DiscUnifNonObserved-ergmProposal.html:29:1: Warning: moved <style> tag to <head>! fix-style-tags: no to avoid.
    DistRLE-ergmProposal.html:29:1: Warning: moved <style> tag to <head>! fix-style-tags: no to avoid.
    HammingConstantEdges-ergmProposal.html:29:1: Warning: moved <style> tag to <head>! fix-style-tags: no to avoid.
    HammingTNT-ergmProposal.html:29:1: Warning: moved <style> tag to <head>! fix-style-tags: no to avoid.
    StdNormal-ergmProposal.html:29:1: Warning: moved <style> tag to <head>! fix-style-tags: no to avoid.
    TNT-ergmProposal.html:32:1: Warning: moved <style> tag to <head>! fix-style-tags: no to avoid.
    Unif-ergmProposal.html:29:1: Warning: moved <style> tag to <head>! fix-style-tags: no to avoid.
    UnifNonObserved-ergmProposal.html:29:1: Warning: moved <style> tag to <head>! fix-style-tags: no to avoid.
    dyadnoise-ergmProposal.html:29:1: Warning: moved <style> tag to <head>! fix-style-tags: no to avoid.
    dyadnoiseTNT-ergmProposal.html:29:1: Warning: moved <style> tag to <head>! fix-style-tags: no to avoid.
    ergmConstraint.html:150:20: Warning: <a> anchor "degrees-ergmConstraint" already defined
    ergmConstraint.html:87:1: Warning: moved <style> tag to <head>! fix-style-tags: no to avoid.
    ergmHint.html:71:1: Warning: moved <style> tag to <head>! fix-style-tags: no to avoid.
    ergmKeyword.html:31:1: Warning: moved <style> tag to <head>! fix-style-tags: no to avoid.
    ergmProposal.html:36:1: Warning: moved <style> tag to <head>! fix-style-tags: no to avoid.
    ergmReference.html:45:1: Warning: moved <style> tag to <head>! fix-style-tags: no to avoid.
    ergmTerm.html:218:20: Warning: <a> anchor "absdiff-ergmTerm" already defined
    ergmTerm.html:228:20: Warning: <a> anchor "absdiffcat-ergmTerm" already defined
    ergmTerm.html:286:20: Warning: <a> anchor "b1cov-ergmTerm" already defined
    ergmTerm.html:320:20: Warning: <a> anchor "b1factor-ergmTerm" already defined
    ergmTerm.html:348:20: Warning: <a> anchor "b1sociality-ergmTerm" already defined
    ergmTerm.html:389:20: Warning: <a> anchor "b2cov-ergmTerm" already defined
    ergmTerm.html:423:20: Warning: <a> anchor "b2factor-ergmTerm" already defined
    ergmTerm.html:451:20: Warning: <a> anchor "b2sociality-ergmTerm" already defined
    ergmTerm.html:513:20: Warning: <a> anchor "ctriple-ergmTerm" already defined
    ergmTerm.html:529:20: Warning: <a> anchor "cyclicalties-ergmTerm" already defined
    ergmTerm.html:616:20: Warning: <a> anchor "diff-ergmTerm" already defined
    ergmTerm.html:650:20: Warning: <a> anchor "edgecov-ergmTerm" already defined
    ergmTerm.html:661:20: Warning: <a> anchor "edges-ergmTerm" already defined
    ergmTerm.html:662:20: Warning: <a> anchor "edges-ergmTerm" already defined
    ergmTerm.html:869:20: Warning: <a> anchor "mm-ergmTerm" already defined
    ergmTerm.html:880:20: Warning: <a> anchor "mutual-ergmTerm" already defined
    ergmTerm.html:895:20: Warning: <a> anchor "nodecov-ergmTerm" already defined
    ergmTerm.html:896:20: Warning: <a> anchor "nodecov-ergmTerm" already defined
    ergmTerm.html:897:20: Warning: <a> anchor "nodecov-ergmTerm" already defined
    ergmTerm.html:914:20: Warning: <a> anchor "nodefactor-ergmTerm" already defined
    ergmTerm.html:925:20: Warning: <a> anchor "nodeicov-ergmTerm" already defined
    ergmTerm.html:940:20: Warning: <a> anchor "nodeifactor-ergmTerm" already defined
    ergmTerm.html:950:20: Warning: <a> anchor "nodematch-ergmTerm" already defined
    ergmTerm.html:951:20: Warning: <a> anchor "nodematch-ergmTerm" already defined
    ergmTerm.html:962:20: Warning: <a> anchor "nodemix-ergmTerm" already defined
    ergmTerm.html:973:20: Warning: <a> anchor "nodeocov-ergmTerm" already defined
    ergmTerm.html:988:20: Warning: <a> anchor "nodeofactor-ergmTerm" already defined
    ergmTerm.html:1039:20: Warning: <a> anchor "receiver-ergmTerm" already defined
    ergmTerm.html:1047:20: Warning: <a> anchor "sender-ergmTerm" already defined
    ergmTerm.html:1086:20: Warning: <a> anchor "sociality-ergmTerm" already defined
    ergmTerm.html:1102:20: Warning: <a> anchor "threetrail-ergmTerm" already defined
    ergmTerm.html:1144:20: Warning: <a> anchor "triangle-ergmTerm" already defined
    ergmTerm.html:1163:20: Warning: <a> anchor "ttriple-ergmTerm" already defined
    ergmTerm.html:1204:20: Warning: <a> anchor "Curve-ergmTerm" already defined
    ergmTerm.html:1205:20: Warning: <a> anchor "Curve-ergmTerm" already defined
    ergmTerm.html:1206:20: Warning: <a> anchor "Curve-ergmTerm" already defined
    ergmTerm.html:1207:20: Warning: <a> anchor "Curve-ergmTerm" already defined
    ergmTerm.html:1208:20: Warning: <a> anchor "Curve-ergmTerm" already defined
    ergmTerm.html:1215:20: Warning: <a> anchor "Exp-ergmTerm" already defined
    ergmTerm.html:1228:20: Warning: <a> anchor "Label-ergmTerm" already defined
    ergmTerm.html:1235:20: Warning: <a> anchor "Log-ergmTerm" already defined
    ergmTerm.html:1254:20: Warning: <a> anchor "Prod-ergmTerm" already defined
    ergmTerm.html:1267:20: Warning: <a> anchor "Sum-operator-ergmTerm" already defined
    ergmTerm.html:206:1: Warning: moved <style> tag to <head>! fix-style-tags: no to avoid.
    ergmTerm.html:1186:1: Warning: moved <style> tag to <head>! fix-style-tags: no to avoid.
    randomtoggle-ergmProposal.html:29:1: Warning: moved <style> tag to <head>! fix-style-tags: no to avoid.
Flavor: r-devel-linux-x86_64-debian-gcc

Version: 4.2.2
Check: installed package size
Result: NOTE
     installed size is 6.6Mb
     sub-directories of 1Mb or more:
     R 1.1Mb
     doc 1.7Mb
     libs 2.2Mb
Flavors: r-devel-linux-x86_64-fedora-clang, r-release-macos-arm64, r-release-macos-x86_64, r-oldrel-macos-arm64, r-oldrel-macos-x86_64

Version: 4.2.2
Check: Rd files
Result: NOTE
    checkRd: (-1) ergm-package.Rd:105: Escaped LaTeX specials: \#
    checkRd: (-1) ergm.Rd:441: Escaped LaTeX specials: \#
    checkRd: (-1) faux.mesa.high.Rd:45: Escaped LaTeX specials: \&
    checkRd: (-1) florentine.Rd:23: Escaped LaTeX specials: \&
    checkRd: (-1) florentine.Rd:30: Escaped LaTeX specials: \&
    checkRd: (-1) florentine.Rd:39: Escaped LaTeX specials: \&
Flavors: r-devel-linux-x86_64-fedora-clang, r-devel-linux-x86_64-fedora-gcc

Version: 4.2.2
Flags: --no-examples --no-tests --no-vignettes
Check: Rd files
Result: NOTE
    checkRd: (-1) ergm-package.Rd:105: Escaped LaTeX specials: \#
    checkRd: (-1) ergm.Rd:441: Escaped LaTeX specials: \#
    checkRd: (-1) faux.mesa.high.Rd:45: Escaped LaTeX specials: \&
    checkRd: (-1) florentine.Rd:23: Escaped LaTeX specials: \&
    checkRd: (-1) florentine.Rd:30: Escaped LaTeX specials: \&
    checkRd: (-1) florentine.Rd:39: Escaped LaTeX specials: \&
Flavor: r-devel-windows-x86_64

Version: 4.2.2
Flags: --no-vignettes
Check: whether package can be installed
Result: WARN
    Found the following significant warnings:
     Rd warning: no hsearch.rds meta data for package ergm
Flavor: r-patched-linux-x86_64

Version: 4.2.2
Check: package dependencies
Result: NOTE
    Package suggested but not available for checking: ‘Rmpi’
Flavors: r-release-macos-arm64, r-release-macos-x86_64, r-oldrel-macos-arm64, r-oldrel-macos-x86_64

Version: 4.2.2
Flags: --no-examples --no-tests --no-vignettes
Check: installed package size
Result: NOTE
     installed size is 5.7Mb
     sub-directories of 1Mb or more:
     R 1.1Mb
     doc 1.7Mb
     libs 1.3Mb
Flavor: r-oldrel-windows-ix86+x86_64