CRAN Package Check Results for Package epimdr

Last updated on 2024-07-17 08:55:11 CEST.

Flavor Version Tinstall Tcheck Ttotal Status Flags
r-devel-linux-x86_64-debian-clang 0.6-5 7.99 61.67 69.66 OK
r-devel-linux-x86_64-debian-gcc 0.6-5 8.21 46.06 54.27 OK
r-devel-linux-x86_64-fedora-clang 0.6-5 95.43 OK
r-devel-linux-x86_64-fedora-gcc 0.6-5 85.35 OK
r-devel-windows-x86_64 0.6-5 11.00 76.00 87.00 OK
r-patched-linux-x86_64 0.6-5 11.30 59.14 70.44 OK
r-release-linux-x86_64 0.6-5 10.00 58.43 68.43 OK
r-release-macos-arm64 0.6-5 29.00 OK
r-release-macos-x86_64 0.6-5 43.00 OK
r-release-windows-x86_64 0.6-5 11.00 78.00 89.00 OK
r-oldrel-macos-arm64 0.6-5 30.00 OK
r-oldrel-macos-x86_64 0.6-5 43.00 NOTE
r-oldrel-windows-x86_64 0.6-5 13.00 81.00 94.00 OK

Check Details

Version: 0.6-5
Check: package dependencies
Result: NOTE Packages suggested but not available for checking: 'fields', 'forecast', 'imputeTS', 'lme4', 'statnet' Flavor: r-oldrel-macos-x86_64