CRAN Package Check Results for Package epiDisplay

Last updated on 2022-09-27 20:53:01 CEST.

Flavor Version Tinstall Tcheck Ttotal Status Flags
r-devel-linux-x86_64-debian-clang 3.5.0.2 17.12 135.21 152.33 NOTE
r-devel-linux-x86_64-debian-gcc 3.5.0.2 14.32 99.88 114.20 NOTE
r-devel-linux-x86_64-fedora-clang 3.5.0.2 204.68 NOTE
r-devel-linux-x86_64-fedora-gcc 3.5.0.2 204.96 NOTE
r-devel-windows-x86_64 3.5.0.2 78.00 170.00 248.00 NOTE
r-patched-linux-x86_64 3.5.0.2 18.25 127.35 145.60 OK
r-release-linux-x86_64 3.5.0.2 16.64 127.47 144.11 OK
r-release-macos-arm64 3.5.0.2 57.00 OK
r-release-macos-x86_64 3.5.0.2 73.00 OK
r-release-windows-x86_64 3.5.0.2 93.00 175.00 268.00 OK
r-oldrel-macos-arm64 3.5.0.2 47.00 OK
r-oldrel-macos-x86_64 3.5.0.2 71.00 OK
r-oldrel-windows-ix86+x86_64 3.5.0.2 33.00 153.00 186.00 OK

Check Details

Version: 3.5.0.2
Check: Rd files
Result: NOTE
    checkRd: (-1) risk.display.rd:98: Escaped LaTeX specials: \$
Flavors: r-devel-linux-x86_64-debian-clang, r-devel-linux-x86_64-debian-gcc, r-devel-linux-x86_64-fedora-clang, r-devel-linux-x86_64-fedora-gcc, r-devel-windows-x86_64