Last updated on 2023-04-01 08:55:40 CEST.
Flavor | Version | Tinstall | Tcheck | Ttotal | Status | Flags |
---|---|---|---|---|---|---|
r-devel-linux-x86_64-debian-clang | 0.5.5 | 5.85 | 55.86 | 61.71 | OK | |
r-devel-linux-x86_64-debian-gcc | 0.5.5 | 5.25 | 43.08 | 48.33 | OK | |
r-devel-linux-x86_64-fedora-clang | 0.5.5 | 82.07 | NOTE | |||
r-devel-linux-x86_64-fedora-gcc | 0.5.5 | 90.35 | OK | |||
r-devel-windows-x86_64 | 0.5.5 | 34.00 | 92.00 | 126.00 | NOTE | |
r-patched-linux-x86_64 | 0.5.5 | 4.56 | 52.78 | 57.34 | OK | |
r-release-linux-x86_64 | 0.5.5 | 5.23 | 54.19 | 59.42 | OK | |
r-release-macos-arm64 | 0.5.5 | 26.00 | NOTE | |||
r-release-macos-x86_64 | 0.5.5 | 42.00 | NOTE | |||
r-release-windows-x86_64 | 0.5.5 | 33.00 | 96.00 | 129.00 | NOTE | |
r-oldrel-macos-arm64 | 0.5.5 | 39.00 | NOTE | |||
r-oldrel-macos-x86_64 | 0.5.5 | 61.00 | NOTE | |||
r-oldrel-windows-ix86+x86_64 | 0.5.5 | 15.00 | 82.00 | 97.00 | NOTE |
Version: 0.5.5
Check: installed package size
Result: NOTE
installed size is 7.0Mb
sub-directories of 1Mb or more:
emoji_fonts 6.5Mb
Flavors: r-devel-linux-x86_64-fedora-clang, r-devel-windows-x86_64, r-release-macos-arm64, r-release-macos-x86_64, r-release-windows-x86_64, r-oldrel-macos-arm64, r-oldrel-macos-x86_64, r-oldrel-windows-ix86+x86_64