CRAN Package Check Results for Package emoa

Last updated on 2022-12-06 07:54:14 CET.

Flavor Version Tinstall Tcheck Ttotal Status Flags
r-devel-linux-x86_64-debian-clang 0.5-0.1 7.57 28.26 35.83 WARN
r-devel-linux-x86_64-debian-gcc 0.5-0.1 5.21 21.82 27.03 WARN
r-devel-linux-x86_64-fedora-clang 0.5-0.1 54.45 WARN
r-devel-linux-x86_64-fedora-gcc 0.5-0.1 52.42 WARN
r-devel-windows-x86_64 0.5-0.1 40.00 61.00 101.00 OK
r-patched-linux-x86_64 0.5-0.1 5.63 25.73 31.36 OK
r-release-linux-x86_64 0.5-0.1 5.79 25.98 31.77 OK
r-release-macos-arm64 0.5-0.1 18.00 OK
r-release-macos-x86_64 0.5-0.1 24.00 OK
r-release-windows-x86_64 0.5-0.1 35.00 60.00 95.00 OK
r-oldrel-macos-arm64 0.5-0.1 23.00 OK
r-oldrel-macos-x86_64 0.5-0.1 34.00 OK
r-oldrel-windows-ix86+x86_64 0.5-0.1 22.00 57.00 79.00 OK

Check Details

Version: 0.5-0.1
Check: whether package can be installed
Result: WARN
    Found the following significant warnings:
     ./utilities.h:7:14: warning: a function declaration without a prototype is deprecated in all versions of C [-Wstrict-prototypes]
     utilities.c:14:14: warning: a function declaration without a prototype is deprecated in all versions of C [-Wstrict-prototypes]
Flavors: r-devel-linux-x86_64-debian-clang, r-devel-linux-x86_64-fedora-clang

Version: 0.5-0.1
Check: whether package can be installed
Result: WARN
    Found the following significant warnings:
     utilities.h:7:1: warning: function declaration isn’t a prototype [-Wstrict-prototypes]
     utilities.c:14:5: warning: function declaration isn’t a prototype [-Wstrict-prototypes]
Flavors: r-devel-linux-x86_64-debian-gcc, r-devel-linux-x86_64-fedora-gcc

Version: 0.5-0.1
Check: compiled code
Result: NOTE
    File ‘emoa/libs/emoa.so’:
     Found no calls to: ‘R_registerRoutines’, ‘R_useDynamicSymbols’
    
    It is good practice to register native routines and to disable symbol
    search.
    
    See ‘Writing portable packages’ in the ‘Writing R Extensions’ manual.
Flavors: r-devel-linux-x86_64-fedora-clang, r-devel-linux-x86_64-fedora-gcc