CRAN Package Check Results for Package emdi

Last updated on 2022-12-03 19:52:49 CET.

Flavor Version Tinstall Tcheck Ttotal Status Flags
r-devel-linux-x86_64-debian-clang 2.1.3 31.85 226.22 258.07 OK
r-devel-linux-x86_64-debian-gcc 2.1.3 22.67 167.63 190.30 OK
r-devel-linux-x86_64-fedora-clang 2.1.3 287.61 NOTE
r-devel-linux-x86_64-fedora-gcc 2.1.3 199.14 NOTE
r-devel-windows-x86_64 2.1.3 83.00 257.00 340.00 OK
r-patched-linux-x86_64 2.1.2 27.50 208.38 235.88 OK
r-release-linux-x86_64 2.1.2 21.29 209.62 230.91 OK
r-release-macos-arm64 2.1.3 74.00 NOTE
r-release-macos-x86_64 2.1.3 108.00 NOTE
r-release-windows-x86_64 2.1.3 87.00 245.00 332.00 OK
r-oldrel-macos-arm64 2.1.2 111.00 NOTE
r-oldrel-macos-x86_64 2.1.2 171.00 NOTE
r-oldrel-windows-ix86+x86_64 2.1.2 57.00 214.00 271.00 OK

Check Details

Version: 2.1.3
Check: data for non-ASCII characters
Result: NOTE
     Note: found 50 marked Latin-1 strings
Flavors: r-devel-linux-x86_64-fedora-clang, r-devel-linux-x86_64-fedora-gcc, r-release-macos-arm64, r-release-macos-x86_64

Version: 2.1.2
Check: data for non-ASCII characters
Result: NOTE
     Note: found 50 marked Latin-1 strings
Flavors: r-oldrel-macos-arm64, r-oldrel-macos-x86_64