CRAN Package Check Results for Package embryogrowth

Last updated on 2022-11-28 06:50:09 CET.

Flavor Version Tinstall Tcheck Ttotal Status Flags
r-devel-linux-x86_64-debian-clang 8.7 29.00 157.00 186.00 OK
r-devel-linux-x86_64-debian-gcc 8.7 19.17 118.30 137.47 OK
r-devel-linux-x86_64-fedora-clang 8.7 233.40 NOTE
r-devel-linux-x86_64-fedora-gcc 8.7 225.85 NOTE
r-devel-windows-x86_64 8.7 126.00 234.00 360.00 OK
r-patched-linux-x86_64 8.7 27.04 141.34 168.38 OK
r-release-linux-x86_64 8.7 21.83 144.78 166.61 OK
r-release-macos-arm64 8.7 108.00 NOTE
r-release-macos-x86_64 8.7 137.00 NOTE
r-release-windows-x86_64 8.7 133.00 218.00 351.00 OK
r-oldrel-macos-arm64 8.7 105.00 NOTE
r-oldrel-macos-x86_64 8.7 137.00 NOTE
r-oldrel-windows-ix86+x86_64 8.7 47.00 177.00 224.00 OK

Check Details

Version: 8.7
Check: data for non-ASCII characters
Result: NOTE
     Note: found 155 marked UTF-8 strings
Flavors: r-devel-linux-x86_64-fedora-clang, r-devel-linux-x86_64-fedora-gcc, r-release-macos-arm64, r-release-macos-x86_64, r-oldrel-macos-arm64, r-oldrel-macos-x86_64