Last updated on 2025-01-18 19:49:06 CET.
Flavor | Version | Tinstall | Tcheck | Ttotal | Status | Flags |
---|---|---|---|---|---|---|
r-devel-linux-x86_64-debian-clang | 0.99.0 | 3.85 | 58.67 | 62.52 | NOTE | |
r-devel-linux-x86_64-debian-gcc | 0.99.0 | 2.67 | 41.18 | 43.85 | NOTE | |
r-devel-linux-x86_64-fedora-clang | 0.99.0 | 102.61 | OK | |||
r-devel-linux-x86_64-fedora-gcc | 0.99.0 | 109.97 | OK | |||
r-devel-windows-x86_64 | 0.99.0 | 6.00 | 77.00 | 83.00 | NOTE | |
r-patched-linux-x86_64 | 0.99.0 | 6.36 | 55.10 | 61.46 | OK | |
r-release-linux-x86_64 | 0.99.0 | 3.61 | 54.98 | 58.59 | OK | |
r-release-macos-arm64 | 0.99.0 | 35.00 | OK | |||
r-release-macos-x86_64 | 0.99.0 | 54.00 | OK | |||
r-release-windows-x86_64 | 0.99.0 | 6.00 | 74.00 | 80.00 | OK | |
r-oldrel-macos-arm64 | 0.99.0 | 54.00 | OK | |||
r-oldrel-macos-x86_64 | 0.99.0 | 82.00 | OK | |||
r-oldrel-windows-x86_64 | 0.99.0 | 6.00 | 86.00 | 92.00 | OK |
Version: 0.99.0
Check: Rd cross-references
Result: NOTE
Found the following Rd file(s) with Rd \link{} targets missing package
anchors:
get_aws_terrain.Rd: st_crs
get_elev_point.Rd: st_crs
get_elev_raster.Rd: st_crs
get_opentopo.Rd: st_crs
Please provide package anchors for all Rd \link{} targets not in the
package itself and the base packages.
Flavors: r-devel-linux-x86_64-debian-clang, r-devel-linux-x86_64-debian-gcc, r-devel-windows-x86_64