CRAN Package Check Results for Package elaborator

Last updated on 2022-11-28 06:50:09 CET.

Flavor Version Tinstall Tcheck Ttotal Status Flags
r-devel-linux-x86_64-debian-clang 1.1 17.69 97.09 114.78 NOTE
r-devel-linux-x86_64-debian-gcc 1.1 11.62 71.32 82.94 NOTE
r-devel-linux-x86_64-fedora-clang 1.1 151.70 NOTE
r-devel-linux-x86_64-fedora-gcc 1.1 143.66 NOTE
r-devel-windows-x86_64 1.1 37.00 118.00 155.00 NOTE
r-patched-linux-x86_64 1.1 9.84 91.58 101.42 NOTE
r-release-linux-x86_64 1.1 10.87 91.86 102.73 NOTE
r-release-macos-arm64 1.1 31.00 NOTE
r-release-macos-x86_64 1.1 58.00 NOTE
r-release-windows-x86_64 1.1 62.00 132.00 194.00 NOTE
r-oldrel-macos-arm64 1.1 44.00 NOTE
r-oldrel-macos-x86_64 1.1 70.00 NOTE
r-oldrel-windows-ix86+x86_64 1.1 32.00 113.00 145.00 NOTE

Check Details

Version: 1.1
Check: LazyData
Result: NOTE
     'LazyData' is specified without a 'data' directory
Flavors: r-devel-linux-x86_64-debian-clang, r-devel-linux-x86_64-debian-gcc, r-devel-linux-x86_64-fedora-clang, r-devel-linux-x86_64-fedora-gcc, r-devel-windows-x86_64, r-patched-linux-x86_64, r-release-linux-x86_64, r-release-macos-arm64, r-release-macos-x86_64, r-release-windows-x86_64, r-oldrel-macos-arm64, r-oldrel-macos-x86_64, r-oldrel-windows-ix86+x86_64