CRAN Package Check Results for Package efreadr

Last updated on 2023-09-22 20:51:52 CEST.

Flavor Version Tinstall Tcheck Ttotal Status Flags
r-devel-linux-x86_64-debian-clang 0.2.2 6.18 45.27 51.45 NOTE
r-devel-linux-x86_64-debian-gcc 0.2.2 4.07 33.87 37.94 NOTE
r-devel-linux-x86_64-fedora-clang 0.2.2 59.99 NOTE
r-devel-linux-x86_64-fedora-gcc 0.2.2 58.57 NOTE
r-devel-windows-x86_64 0.2.2 8.00 61.00 69.00 NOTE
r-patched-linux-x86_64 0.2.2 5.77 42.00 47.77 NOTE
r-release-linux-x86_64 0.2.2 6.19 43.18 49.37 NOTE
r-release-macos-arm64 0.2.2 23.00 NOTE
r-release-macos-x86_64 0.2.2 33.00 NOTE
r-release-windows-x86_64 0.2.2 7.00 61.00 68.00 NOTE
r-oldrel-macos-arm64 0.2.2 22.00 NOTE
r-oldrel-macos-x86_64 0.2.2 45.00 NOTE
r-oldrel-windows-x86_64 0.2.2 7.00 66.00 73.00 NOTE

Check Details

Version: 0.2.2
Check: LazyData
Result: NOTE
     'LazyData' is specified without a 'data' directory
Flavors: r-devel-linux-x86_64-debian-clang, r-devel-linux-x86_64-debian-gcc, r-devel-linux-x86_64-fedora-clang, r-devel-linux-x86_64-fedora-gcc, r-devel-windows-x86_64, r-patched-linux-x86_64, r-release-linux-x86_64, r-release-macos-arm64, r-release-macos-x86_64, r-release-windows-x86_64, r-oldrel-macos-arm64, r-oldrel-macos-x86_64, r-oldrel-windows-x86_64