CRAN Package Check Results for Package editData

Last updated on 2023-02-04 19:58:06 CET.

Flavor Version Tinstall Tcheck Ttotal Status Flags
r-devel-linux-x86_64-debian-clang 0.1.8 7.85 65.65 73.50 OK
r-devel-linux-x86_64-debian-gcc 0.1.8 5.59 48.93 54.52 OK
r-devel-linux-x86_64-fedora-clang 0.1.8 92.66 NOTE
r-devel-linux-x86_64-fedora-gcc 0.1.8 98.70 NOTE
r-devel-windows-x86_64 0.1.8 24.00 101.00 125.00 OK
r-patched-linux-x86_64 0.1.8 6.16 64.87 71.03 OK
r-release-linux-x86_64 0.1.8 5.54 66.69 72.23 OK
r-release-macos-arm64 0.1.8 29.00 NOTE
r-release-macos-x86_64 0.1.8 47.00 NOTE
r-release-windows-x86_64 0.1.8 26.00 111.00 137.00 OK
r-oldrel-macos-arm64 0.1.8 31.00 NOTE
r-oldrel-macos-x86_64 0.1.8 54.00 NOTE
r-oldrel-windows-ix86+x86_64 0.1.8 21.00 92.00 113.00 OK

Check Details

Version: 0.1.8
Check: dependencies in R code
Result: NOTE
    Namespaces in Imports field not imported from:
     ‘dplyr’ ‘magrittr’ ‘tibble’
     All declared Imports should be used.
Flavors: r-devel-linux-x86_64-fedora-clang, r-devel-linux-x86_64-fedora-gcc, r-release-macos-arm64, r-release-macos-x86_64, r-oldrel-macos-arm64, r-oldrel-macos-x86_64