CRAN Package Check Results for Package easyVerification

Last updated on 2023-04-01 08:55:39 CEST.

Flavor Version Tinstall Tcheck Ttotal Status Flags
r-devel-linux-x86_64-debian-clang 0.4.4 32.64 47.15 79.79 NOTE
r-devel-linux-x86_64-debian-gcc 0.4.4 23.33 36.83 60.16 NOTE
r-devel-linux-x86_64-fedora-clang 0.4.4 112.83 NOTE
r-devel-linux-x86_64-fedora-gcc 0.4.4 111.73 NOTE
r-devel-windows-x86_64 0.4.4 100.00 111.00 211.00 NOTE
r-patched-linux-x86_64 0.4.4 27.12 46.04 73.16 NOTE
r-release-linux-x86_64 0.4.4 23.78 47.12 70.90 NOTE
r-release-macos-arm64 0.4.4 32.00 NOTE
r-release-macos-x86_64 0.4.4 41.00 NOTE
r-release-windows-x86_64 0.4.4 85.00 114.00 199.00 NOTE
r-oldrel-macos-arm64 0.4.4 36.00 NOTE
r-oldrel-macos-x86_64 0.4.4 57.00 NOTE
r-oldrel-windows-ix86+x86_64 0.4.4 74.00 150.00 224.00 NOTE

Check Details

Version: 0.4.4
Check: LazyData
Result: NOTE
     'LazyData' is specified without a 'data' directory
Flavors: r-devel-linux-x86_64-debian-clang, r-devel-linux-x86_64-debian-gcc, r-devel-linux-x86_64-fedora-clang, r-devel-linux-x86_64-fedora-gcc, r-devel-windows-x86_64, r-patched-linux-x86_64, r-release-linux-x86_64, r-release-macos-arm64, r-release-macos-x86_64, r-release-windows-x86_64, r-oldrel-macos-arm64, r-oldrel-macos-x86_64, r-oldrel-windows-ix86+x86_64