CRAN Package Check Results for Package earthtones

Last updated on 2023-03-22 19:53:24 CET.

Flavor Version Tinstall Tcheck Ttotal Status Flags
r-devel-linux-x86_64-debian-clang 0.1.1 2.16 23.83 25.99 NOTE
r-devel-linux-x86_64-debian-gcc 0.1.1 1.81 19.15 20.96 NOTE
r-devel-linux-x86_64-fedora-clang 0.1.1 35.62 NOTE
r-devel-linux-x86_64-fedora-gcc 0.1.1 31.08 NOTE
r-devel-windows-x86_64 0.1.1 9.00 54.00 63.00 NOTE
r-patched-linux-x86_64 0.1.1 7.49 24.24 31.73 NOTE
r-release-linux-x86_64 0.1.1 1.77 23.90 25.67 NOTE
r-release-macos-arm64 0.1.1 17.00 NOTE
r-release-macos-x86_64 0.1.1 32.00 NOTE
r-release-windows-x86_64 0.1.1 14.00 55.00 69.00 NOTE
r-oldrel-macos-arm64 0.1.1 21.00 NOTE
r-oldrel-macos-x86_64 0.1.1 25.00 NOTE
r-oldrel-windows-ix86+x86_64 0.1.1 7.00 49.00 56.00 NOTE

Check Details

Version: 0.1.1
Check: LazyData
Result: NOTE
     'LazyData' is specified without a 'data' directory
Flavors: r-devel-linux-x86_64-debian-clang, r-devel-linux-x86_64-debian-gcc, r-devel-linux-x86_64-fedora-clang, r-devel-linux-x86_64-fedora-gcc, r-devel-windows-x86_64, r-patched-linux-x86_64, r-release-linux-x86_64, r-release-macos-arm64, r-release-macos-x86_64, r-release-windows-x86_64, r-oldrel-macos-arm64, r-oldrel-macos-x86_64, r-oldrel-windows-ix86+x86_64