CRAN Package Check Results for Package ePCR

Last updated on 2022-10-03 20:52:02 CEST.

Flavor Version Tinstall Tcheck Ttotal Status Flags
r-devel-linux-x86_64-debian-clang 0.9.9-11 17.61 131.05 148.66 OK
r-devel-linux-x86_64-debian-gcc 0.9.9-11 13.16 98.97 112.13 OK
r-devel-linux-x86_64-fedora-clang 0.9.9-11 193.09 NOTE
r-devel-linux-x86_64-fedora-gcc 0.9.9-11 193.47 OK
r-devel-windows-x86_64 0.9.9-11 32.00 185.00 217.00 OK
r-patched-linux-x86_64 0.9.9-11 16.79 124.75 141.54 OK
r-release-linux-x86_64 0.9.9-11 15.73 122.48 138.21 OK
r-release-macos-arm64 0.9.9-11 52.00 OK
r-release-macos-x86_64 0.9.9-11 94.00 OK
r-release-windows-x86_64 0.9.9-11 31.00 168.00 199.00 OK
r-oldrel-macos-arm64 0.9.9-11 66.00 OK
r-oldrel-macos-x86_64 0.9.9-11 106.00 OK
r-oldrel-windows-ix86+x86_64 0.9.9-11 33.00 153.00 186.00 OK

Check Details

Version: 0.9.9-11
Check: installed package size
Result: NOTE
     installed size is 5.0Mb
     sub-directories of 1Mb or more:
     data 4.3Mb
Flavor: r-devel-linux-x86_64-fedora-clang