Last updated on 2023-10-02 20:11:58 CEST.
Flavor | Version | Tinstall | Tcheck | Ttotal | Status | Flags |
---|---|---|---|---|---|---|
r-devel-linux-x86_64-debian-clang | 0.9.9-11 | 17.89 | 134.77 | 152.66 | NOTE | |
r-devel-linux-x86_64-debian-gcc | 0.9.9-11 | 13.16 | 100.94 | 114.10 | NOTE | |
r-devel-linux-x86_64-fedora-clang | 0.9.9-11 | 188.24 | NOTE | |||
r-devel-linux-x86_64-fedora-gcc | 0.9.9-11 | 193.51 | NOTE | |||
r-devel-windows-x86_64 | 0.9.9-11 | 14.00 | 134.00 | 148.00 | NOTE | |
r-patched-linux-x86_64 | 0.9.9-11 | 17.06 | 128.83 | 145.89 | OK | |
r-release-linux-x86_64 | 0.9.9-11 | 15.56 | 135.15 | 150.71 | OK | |
r-release-macos-arm64 | 0.9.9-11 | 68.00 | NOTE | |||
r-release-macos-x86_64 | 0.9.9-11 | 106.00 | NOTE | |||
r-release-windows-x86_64 | 0.9.9-11 | 20.00 | 164.00 | 184.00 | OK | |
r-oldrel-macos-arm64 | 0.9.9-11 | 52.00 | OK | |||
r-oldrel-macos-x86_64 | 0.9.9-11 | 94.00 | OK | |||
r-oldrel-windows-x86_64 | 0.9.9-11 | 21.00 | 152.00 | 173.00 | OK |
Version: 0.9.9-11
Check: package namespace information
Result: NOTE
Found export directives that require package ‘methods’:
‘exportClasses’ ‘exportMethods’
Remove all such namespace directives (if obsolete) or ensure that the
DESCRIPTION Depends or Imports field contains ‘methods’.
Flavors: r-devel-linux-x86_64-debian-clang, r-devel-linux-x86_64-debian-gcc, r-devel-linux-x86_64-fedora-clang, r-devel-linux-x86_64-fedora-gcc, r-devel-windows-x86_64
Version: 0.9.9-11
Check: installed package size
Result: NOTE
installed size is 5.0Mb
sub-directories of 1Mb or more:
data 4.2Mb
Flavors: r-devel-linux-x86_64-fedora-clang, r-release-macos-arm64, r-release-macos-x86_64