CRAN Package Check Results for Package dyngen

Last updated on 2022-08-09 20:53:48 CEST.

Flavor Version Tinstall Tcheck Ttotal Status Flags
r-devel-linux-x86_64-debian-clang 1.0.3 24.83 266.38 291.21 OK
r-devel-linux-x86_64-debian-gcc 1.0.3 20.73 197.75 218.48 OK
r-devel-linux-x86_64-fedora-clang 1.0.3 354.58 OK
r-devel-linux-x86_64-fedora-gcc 1.0.3 342.50 OK
r-devel-windows-x86_64 1.0.3 43.00 316.00 359.00 OK
r-patched-linux-x86_64 1.0.3 16.33 252.25 268.58 OK
r-release-linux-x86_64 1.0.3 OK
r-release-macos-arm64 1.0.3 89.00 NOTE
r-release-macos-x86_64 1.0.3 142.00 OK
r-release-windows-x86_64 1.0.3 48.00 300.00 348.00 OK
r-oldrel-macos-arm64 1.0.3 91.00 OK
r-oldrel-macos-x86_64 1.0.3 112.00 ERROR
r-oldrel-windows-ix86+x86_64 1.0.3 49.00 331.00 380.00 OK

Check Details

Version: 1.0.3
Check: package dependencies
Result: NOTE
    Packages suggested but not available for checking:
     'SingleCellExperiment', 'SummarizedExperiment'
Flavor: r-release-macos-arm64

Version: 1.0.3
Check: tests
Result: ERROR
     Running ‘testthat.R’ [15s/18s]
    Running the tests in ‘tests/testthat.R’ failed.
    Last 13 lines of output:
     30: tryCatch(withCallingHandlers({ eval(code, test_env) if (!handled && !is.null(test)) { skip_empty() }}, expectation = handle_expectation, skip = handle_skip, warning = handle_warning, message = handle_message, error = handle_error), error = handle_fatal, skip = function(e) { })
     31: test_code(NULL, exprs, env)
     32: source_file(path, child_env(env), wrap = wrap)
     33: FUN(X[[i]], ...)
     34: lapply(test_paths, test_one_file, env = env, wrap = wrap)
     35: doTryCatch(return(expr), name, parentenv, handler)
     36: tryCatchOne(expr, names, parentenv, handlers[[1L]])
     37: tryCatchList(expr, classes, parentenv, handlers)
     38: tryCatch(code, testthat_abort_reporter = function(cnd) { cat(conditionMessage(cnd), "\n") NULL})
     39: with_reporter(reporters$multi, lapply(test_paths, test_one_file, env = env, wrap = wrap))
     40: test_files(test_dir = test_dir, test_package = test_package, test_paths = test_paths, load_helpers = load_helpers, reporter = reporter, env = env, stop_on_failure = stop_on_failure, stop_on_warning = stop_on_warning, wrap = wrap, load_package = load_package)
     41: test_files(test_dir = path, test_paths = test_paths, test_package = package, reporter = reporter, load_helpers = load_helpers, env = env, stop_on_failure = stop_on_failure, stop_on_warning = stop_on_warning, wrap = wrap, load_package = load_package, parallel = parallel)
     42: test_dir("testthat", package = package, reporter = reporter, ..., load_package = "installed")
     43: test_check("dyngen")
     An irrecoverable exception occurred. R is aborting now ...
Flavor: r-oldrel-macos-x86_64