CRAN Package Check Results for Package dyndimred

Last updated on 2024-07-17 08:55:11 CEST.

Flavor Version Tinstall Tcheck Ttotal Status Flags
r-devel-linux-x86_64-debian-clang 1.0.4 11.45 124.92 136.37 NOTE
r-devel-linux-x86_64-debian-gcc 1.0.4 8.93 92.27 101.20 NOTE
r-devel-linux-x86_64-fedora-clang 1.0.4 168.76 NOTE
r-devel-linux-x86_64-fedora-gcc 1.0.4 158.47 NOTE
r-devel-windows-x86_64 1.0.4 9.00 108.00 117.00 NOTE
r-patched-linux-x86_64 1.0.4 10.22 117.59 127.81 NOTE
r-release-linux-x86_64 1.0.4 6.95 121.31 128.26 NOTE
r-release-macos-arm64 1.0.4 53.00 NOTE
r-release-macos-x86_64 1.0.4 81.00 NOTE
r-release-windows-x86_64 1.0.4 10.00 108.00 118.00 NOTE
r-oldrel-macos-arm64 1.0.4 57.00 NOTE
r-oldrel-macos-x86_64 1.0.4 93.00 NOTE
r-oldrel-windows-x86_64 1.0.4 12.00 127.00 139.00 NOTE

Check Details

Version: 1.0.4
Check: package dependencies
Result: NOTE Package suggested but not available for checking: ‘lle’ Flavors: r-devel-linux-x86_64-debian-clang, r-devel-linux-x86_64-debian-gcc, r-devel-linux-x86_64-fedora-clang, r-devel-linux-x86_64-fedora-gcc, r-devel-windows-x86_64, r-patched-linux-x86_64, r-release-linux-x86_64, r-release-macos-arm64, r-release-macos-x86_64, r-release-windows-x86_64, r-oldrel-macos-arm64, r-oldrel-macos-x86_64, r-oldrel-windows-x86_64

Version: 1.0.4
Check: LazyData
Result: NOTE 'LazyData' is specified without a 'data' directory Flavors: r-devel-linux-x86_64-debian-clang, r-devel-linux-x86_64-debian-gcc, r-devel-linux-x86_64-fedora-clang, r-devel-linux-x86_64-fedora-gcc, r-devel-windows-x86_64, r-patched-linux-x86_64, r-release-linux-x86_64, r-release-macos-arm64, r-release-macos-x86_64, r-release-windows-x86_64, r-oldrel-macos-arm64, r-oldrel-macos-x86_64, r-oldrel-windows-x86_64