CRAN Package Check Results for Package duckdb

Last updated on 2022-10-07 20:52:19 CEST.

Flavor Version Tinstall Tcheck Ttotal Status Flags
r-devel-linux-x86_64-debian-clang 0.5.1 2281.87 82.55 2364.42 OK
r-devel-linux-x86_64-debian-gcc 0.5.1 1847.88 64.62 1912.50 OK
r-devel-linux-x86_64-fedora-clang 0.5.1 2999.73 NOTE
r-devel-linux-x86_64-fedora-gcc 0.5.1 3290.07 OK
r-devel-windows-x86_64 0.5.1 4552.00 381.00 4933.00 NOTE
r-patched-linux-x86_64 0.5.1 2000.68 77.59 2078.27 OK
r-release-linux-x86_64 0.5.1 2002.35 78.48 2080.83 OK
r-release-macos-arm64 0.5.1 716.00 NOTE
r-release-macos-x86_64 0.5.1 923.00 NOTE
r-release-windows-x86_64 0.5.1 5386.00 373.00 5759.00 NOTE
r-oldrel-macos-arm64 0.5.1 706.00 NOTE
r-oldrel-macos-x86_64 0.5.1 930.00 NOTE
r-oldrel-windows-ix86+x86_64 0.5.1 4827.00 322.00 5149.00 NOTE

Check Details

Version: 0.5.1
Check: installed package size
Result: NOTE
     installed size is 33.5Mb
     sub-directories of 1Mb or more:
     libs 32.9Mb
Flavors: r-devel-linux-x86_64-fedora-clang, r-devel-windows-x86_64, r-release-macos-arm64, r-release-macos-x86_64, r-release-windows-x86_64, r-oldrel-macos-arm64, r-oldrel-macos-x86_64, r-oldrel-windows-ix86+x86_64