CRAN Package Check Results for Package dsTidyverse

Last updated on 2025-01-18 19:49:06 CET.

Flavor Version Tinstall Tcheck Ttotal Status Flags
r-devel-linux-x86_64-debian-clang 1.0.1 2.76 37.05 39.81 OK
r-devel-linux-x86_64-debian-gcc 1.0.1 1.99 28.19 30.18 OK
r-devel-linux-x86_64-fedora-clang 1.0.1 65.78 OK
r-devel-linux-x86_64-fedora-gcc 1.0.1 603.56 OK
r-devel-windows-x86_64 1.0.1 5.00 58.00 63.00 OK
r-patched-linux-x86_64 1.0.1 2.85 34.80 37.65 NOTE
r-release-linux-x86_64 1.0.1 2.24 34.70 36.94 NOTE
r-release-macos-arm64 1.0.1 271.00 NOTE
r-release-macos-x86_64 1.0.1 823.00 NOTE
r-release-windows-x86_64 1.0.1 4.00 59.00 63.00 NOTE
r-oldrel-macos-arm64 1.0.1 261.00 NOTE
r-oldrel-macos-x86_64 1.0.1 860.00 NOTE
r-oldrel-windows-x86_64 1.0.1 5.00 67.00 72.00 NOTE

Check Details

Version: 1.0.1
Check: package dependencies
Result: NOTE Packages suggested but not available for checking: 'dsBaseClient', 'dsBase' Flavors: r-patched-linux-x86_64, r-release-linux-x86_64, r-release-macos-arm64, r-release-macos-x86_64, r-release-windows-x86_64, r-oldrel-macos-arm64, r-oldrel-macos-x86_64, r-oldrel-windows-x86_64