Last updated on 2023-09-23 08:10:53 CEST.
Flavor | Version | Tinstall | Tcheck | Ttotal | Status | Flags |
---|---|---|---|---|---|---|
r-devel-linux-x86_64-debian-clang | 0.0.4 | 12.82 | 140.25 | 153.07 | OK | |
r-devel-linux-x86_64-debian-gcc | 0.0.4 | 12.26 | 103.25 | 115.51 | OK | |
r-devel-linux-x86_64-fedora-clang | 0.0.4 | 179.37 | NOTE | |||
r-devel-linux-x86_64-fedora-gcc | 0.0.4 | 198.55 | OK | |||
r-devel-windows-x86_64 | 0.0.4 | 15.00 | 126.00 | 141.00 | OK | |
r-patched-linux-x86_64 | 0.0.4 | 13.99 | 130.40 | 144.39 | OK | |
r-release-linux-x86_64 | 0.0.4 | 13.16 | 133.31 | 146.47 | OK | |
r-release-macos-arm64 | 0.0.4 | 62.00 | OK | |||
r-release-macos-x86_64 | 0.0.4 | 105.00 | OK | |||
r-release-windows-x86_64 | 0.0.4 | 17.00 | 143.00 | 160.00 | OK | |
r-oldrel-macos-arm64 | 0.0.4 | 47.00 | OK | |||
r-oldrel-macos-x86_64 | 0.0.4 | 106.00 | OK | |||
r-oldrel-windows-x86_64 | 0.0.4 | 17.00 | 141.00 | 158.00 | OK |
Version: 0.0.4
Check: Rd cross-references
Result: NOTE
Undeclared package ‘data.table’ in Rd xrefs
Flavor: r-devel-linux-x86_64-fedora-clang