CRAN Package Check Results for Package drawsample

Last updated on 2024-07-17 08:55:11 CEST.

Flavor Version Tinstall Tcheck Ttotal Status Flags
r-devel-linux-x86_64-debian-clang 1.0.1 11.67 115.76 127.43 OK
r-devel-linux-x86_64-debian-gcc 1.0.1 10.91 83.44 94.35 OK
r-devel-linux-x86_64-fedora-clang 1.0.1 166.42 NOTE
r-devel-linux-x86_64-fedora-gcc 1.0.1 157.51 OK
r-devel-windows-x86_64 1.0.1 12.00 90.00 102.00 OK
r-patched-linux-x86_64 1.0.1 13.48 113.90 127.38 OK
r-release-linux-x86_64 1.0.1 9.49 113.89 123.38 OK
r-release-macos-arm64 1.0.1 46.00 OK
r-release-macos-x86_64 1.0.1 66.00 OK
r-release-windows-x86_64 1.0.1 12.00 88.00 100.00 OK
r-oldrel-macos-arm64 1.0.1 47.00 OK
r-oldrel-macos-x86_64 1.0.1 71.00 OK
r-oldrel-windows-x86_64 1.0.1 14.00 105.00 119.00 OK

Check Details

Version: 1.0.1
Check: Rd cross-references
Result: NOTE Undeclared package ‘SimMultiCorrData’ in Rd xrefs Flavor: r-devel-linux-x86_64-fedora-clang