Last updated on 2023-03-25 19:54:01 CET.
Flavor | Version | Tinstall | Tcheck | Ttotal | Status | Flags |
---|---|---|---|---|---|---|
r-devel-linux-x86_64-debian-clang | 0.2.6 | 149.67 | 29.33 | 179.00 | OK | |
r-devel-linux-x86_64-debian-gcc | 0.2.6 | 125.80 | 23.43 | 149.23 | OK | |
r-devel-linux-x86_64-fedora-gcc | 0.2.6 | 250.06 | OK | |||
r-patched-linux-x86_64 | 0.2.6 | 118.36 | 29.67 | 148.03 | OK | |
r-release-linux-x86_64 | 0.2.6 | 115.16 | 29.41 | 144.57 | OK | |
r-release-macos-arm64 | 0.2.6 | 65.00 | NOTE | |||
r-release-macos-x86_64 | 0.2.6 | 85.00 | NOTE | |||
r-release-windows-x86_64 | 0.2.6 | 255.00 | 99.00 | 354.00 | OK | |
r-oldrel-macos-arm64 | 0.2.6 | 68.00 | NOTE | |||
r-oldrel-macos-x86_64 | 0.2.6 | 88.00 | NOTE | |||
r-oldrel-windows-ix86+x86_64 | 0.2.6 | 319.00 | 89.00 | 408.00 | OK |
Version: 0.2.6
Check: installed package size
Result: NOTE
installed size is 13.2Mb
sub-directories of 1Mb or more:
libs 13.1Mb
Flavors: r-release-macos-arm64, r-release-macos-x86_64, r-oldrel-macos-arm64, r-oldrel-macos-x86_64