CRAN Package Check Results for Package dotwhisker

Last updated on 2022-10-04 20:53:37 CEST.

Flavor Version Tinstall Tcheck Ttotal Status Flags
r-devel-linux-x86_64-debian-clang 0.7.4 7.27 166.96 174.23 NOTE
r-devel-linux-x86_64-debian-gcc 0.7.4 6.32 121.36 127.68 NOTE
r-devel-linux-x86_64-fedora-clang 0.7.4 229.38 NOTE
r-devel-linux-x86_64-fedora-gcc 0.7.4 215.23 NOTE
r-devel-windows-x86_64 0.7.4 21.00 179.00 200.00 OK
r-patched-linux-x86_64 0.7.4 13.59 152.86 166.45 NOTE
r-release-linux-x86_64 0.7.4 8.25 155.24 163.49 NOTE
r-release-macos-arm64 0.7.4 55.00 OK
r-release-macos-x86_64 0.7.4 112.00 OK
r-release-windows-x86_64 0.7.4 16.00 187.00 203.00 OK
r-oldrel-macos-arm64 0.7.4 87.00 OK
r-oldrel-macos-x86_64 0.7.4 78.00 OK
r-oldrel-windows-ix86+x86_64 0.7.4 28.00 180.00 208.00 OK

Check Details

Version: 0.7.4
Check: Rd cross-references
Result: NOTE
    Unknown package 'broomExtra' in Rd xrefs
Flavors: r-devel-linux-x86_64-debian-clang, r-devel-linux-x86_64-debian-gcc, r-devel-linux-x86_64-fedora-gcc, r-patched-linux-x86_64, r-release-linux-x86_64

Version: 0.7.4
Check: Rd cross-references
Result: NOTE
    Undeclared package ‘broomExtra’ in Rd xrefs
    Unknown package ‘broomExtra’ in Rd xrefs
Flavor: r-devel-linux-x86_64-fedora-clang