CRAN Package Check Results for Package docxtractr

Last updated on 2023-09-22 20:51:51 CEST.

Flavor Version Tinstall Tcheck Ttotal Status Flags
r-devel-linux-x86_64-debian-clang 0.6.5 5.71 47.06 52.77 NOTE
r-devel-linux-x86_64-debian-gcc 0.6.5 3.62 34.99 38.61 NOTE
r-devel-linux-x86_64-fedora-clang 0.6.5 66.14 NOTE
r-devel-linux-x86_64-fedora-gcc 0.6.5 61.55 NOTE
r-devel-windows-x86_64 0.6.5 9.00 59.00 68.00 NOTE
r-patched-linux-x86_64 0.6.5 4.48 44.70 49.18 NOTE
r-release-linux-x86_64 0.6.5 5.76 44.63 50.39 NOTE
r-release-macos-arm64 0.6.5 27.00 NOTE
r-release-macos-x86_64 0.6.5 33.00 NOTE
r-release-windows-x86_64 0.6.5 7.00 61.00 68.00 NOTE
r-oldrel-macos-arm64 0.6.5 33.00 NOTE
r-oldrel-macos-x86_64 0.6.5 42.00 NOTE
r-oldrel-windows-x86_64 0.6.5 8.00 67.00 75.00 NOTE

Check Details

Version: 0.6.5
Check: LazyData
Result: NOTE
     'LazyData' is specified without a 'data' directory
Flavors: r-devel-linux-x86_64-debian-clang, r-devel-linux-x86_64-debian-gcc, r-devel-linux-x86_64-fedora-clang, r-devel-linux-x86_64-fedora-gcc, r-devel-windows-x86_64, r-patched-linux-x86_64, r-release-linux-x86_64, r-release-macos-arm64, r-release-macos-x86_64, r-release-windows-x86_64, r-oldrel-macos-arm64, r-oldrel-macos-x86_64, r-oldrel-windows-x86_64