Last updated on 2023-01-27 19:49:29 CET.
Flavor | Version | Tinstall | Tcheck | Ttotal | Status | Flags |
---|---|---|---|---|---|---|
r-devel-linux-x86_64-debian-clang | 0.2.2 | 3.47 | 36.15 | 39.62 | OK | |
r-devel-linux-x86_64-debian-gcc | 0.2.2 | 2.63 | 28.80 | 31.43 | OK | |
r-devel-linux-x86_64-fedora-clang | 0.2.2 | 57.88 | OK | |||
r-devel-linux-x86_64-fedora-gcc | 0.2.2 | 66.52 | OK | |||
r-devel-windows-x86_64 | 0.2.2 | 22.00 | 77.00 | 99.00 | OK | |
r-patched-linux-x86_64 | 0.2.2 | 3.96 | 35.47 | 39.43 | OK | |
r-release-linux-x86_64 | 0.2.2 | 3.81 | 35.63 | 39.44 | OK | |
r-release-macos-arm64 | 0.2.2 | 5.00 | ERROR | |||
r-release-macos-x86_64 | 0.2.2 | 7.00 | ERROR | |||
r-release-windows-x86_64 | 0.2.2 | 21.00 | 70.00 | 91.00 | OK | |
r-oldrel-macos-arm64 | 0.2.2 | 9.00 | ERROR | |||
r-oldrel-macos-x86_64 | 0.2.2 | 11.00 | ERROR | |||
r-oldrel-windows-ix86+x86_64 | 0.2.2 | 7.00 | 64.00 | 71.00 | OK |
Version: 0.2.2
Check: package dependencies
Result: ERROR
Package required but not available: ‘Rmpi’
See section ‘The DESCRIPTION file’ in the ‘Writing R Extensions’
manual.
Flavors: r-release-macos-arm64, r-release-macos-x86_64, r-oldrel-macos-arm64, r-oldrel-macos-x86_64