Last updated on 2025-01-18 19:49:05 CET.
Flavor | Version | Tinstall | Tcheck | Ttotal | Status | Flags |
---|---|---|---|---|---|---|
r-devel-linux-x86_64-debian-clang | 1.1.0 | 298.50 | 302.45 | 600.95 | OK | |
r-devel-linux-x86_64-debian-gcc | 1.1.0 | 247.55 | 212.08 | 459.63 | OK | |
r-devel-linux-x86_64-fedora-clang | 1.1.0 | 1128.24 | OK | |||
r-devel-linux-x86_64-fedora-gcc | 1.1.0 | 1370.96 | OK | |||
r-devel-windows-x86_64 | 1.1.0 | 250.00 | 304.00 | 554.00 | OK | |
r-patched-linux-x86_64 | 1.1.0 | 352.69 | 317.61 | 670.30 | NOTE | |
r-release-linux-x86_64 | 1.1.0 | 272.59 | 315.26 | 587.85 | NOTE | |
r-release-macos-arm64 | 1.1.0 | 250.00 | NOTE | |||
r-release-macos-x86_64 | 1.1.0 | 351.00 | NOTE | |||
r-release-windows-x86_64 | 1.1.0 | 277.00 | 307.00 | 584.00 | NOTE | |
r-oldrel-macos-arm64 | 1.1.0 | 522.00 | NOTE | |||
r-oldrel-macos-x86_64 | 1.1.0 | 611.00 | NOTE | |||
r-oldrel-windows-x86_64 | 1.1.0 | 271.00 | 406.00 | 677.00 | NOTE |
Version: 1.1.0
Check: for GNU extensions in Makefiles
Result: NOTE
GNU make is a SystemRequirements.
Flavors: r-patched-linux-x86_64, r-release-linux-x86_64, r-release-macos-arm64, r-release-macos-x86_64, r-release-windows-x86_64, r-oldrel-macos-arm64, r-oldrel-macos-x86_64, r-oldrel-windows-x86_64
Version: 1.1.0
Check: installed package size
Result: NOTE
installed size is 97.1Mb
sub-directories of 1Mb or more:
libs 96.3Mb
Flavors: r-release-macos-arm64, r-release-macos-x86_64, r-release-windows-x86_64, r-oldrel-macos-arm64, r-oldrel-macos-x86_64, r-oldrel-windows-x86_64