CRAN Package Check Results for Package diffdf

Last updated on 2023-09-23 08:10:53 CEST.

Flavor Version Tinstall Tcheck Ttotal Status Flags
r-devel-linux-x86_64-debian-clang 1.0.4 5.06 68.96 74.02 NOTE
r-devel-linux-x86_64-debian-gcc 1.0.4 4.17 51.92 56.09 NOTE
r-devel-linux-x86_64-fedora-clang 1.0.4 91.10 NOTE
r-devel-linux-x86_64-fedora-gcc 1.0.4 99.08 NOTE
r-devel-windows-x86_64 1.0.4 7.00 76.00 83.00 NOTE
r-patched-linux-x86_64 1.0.4 4.11 65.11 69.22 NOTE
r-release-linux-x86_64 1.0.4 5.30 64.92 70.22 NOTE
r-release-macos-arm64 1.0.4 35.00 NOTE
r-release-macos-x86_64 1.0.4 58.00 NOTE
r-release-windows-x86_64 1.0.4 7.00 82.00 89.00 NOTE
r-oldrel-macos-arm64 1.0.4 24.00 NOTE
r-oldrel-macos-x86_64 1.0.4 42.00 NOTE
r-oldrel-windows-x86_64 1.0.4 7.00 80.00 87.00 NOTE

Check Details

Version: 1.0.4
Check: LazyData
Result: NOTE
     'LazyData' is specified without a 'data' directory
Flavors: r-devel-linux-x86_64-debian-clang, r-devel-linux-x86_64-debian-gcc, r-devel-linux-x86_64-fedora-clang, r-devel-linux-x86_64-fedora-gcc, r-devel-windows-x86_64, r-patched-linux-x86_64, r-release-linux-x86_64, r-release-macos-arm64, r-release-macos-x86_64, r-release-windows-x86_64, r-oldrel-macos-arm64, r-oldrel-macos-x86_64, r-oldrel-windows-x86_64