CRAN Package Check Results for Package desla

Last updated on 2022-08-13 08:53:30 CEST.

Flavor Version Tinstall Tcheck Ttotal Status Flags
r-devel-linux-x86_64-debian-clang 0.1.0 51.95 35.86 87.81 OK
r-devel-linux-x86_64-debian-gcc 0.1.0 44.15 25.55 69.70 OK
r-devel-linux-x86_64-fedora-clang 0.1.0 132.97 OK
r-devel-linux-x86_64-fedora-gcc 0.1.0 125.30 OK
r-devel-windows-x86_64 0.1.0 47.00 77.00 124.00 OK
r-patched-linux-x86_64 0.1.0 45.41 31.73 77.14 OK
r-release-linux-x86_64 0.1.0 47.73 31.94 79.67 OK
r-release-macos-arm64 0.1.0 32.00 NOTE
r-release-macos-x86_64 0.1.0 42.00 NOTE
r-release-windows-x86_64 0.1.0 41.00 79.00 120.00 OK
r-oldrel-macos-arm64 0.1.0 38.00 NOTE
r-oldrel-macos-x86_64 0.1.0 44.00 NOTE
r-oldrel-windows-ix86+x86_64 0.1.0 119.00 81.00 200.00 OK

Check Details

Version: 0.1.0
Check: installed package size
Result: NOTE
     installed size is 5.0Mb
     sub-directories of 1Mb or more:
     libs 4.9Mb
Flavors: r-release-macos-arm64, r-release-macos-x86_64, r-oldrel-macos-arm64, r-oldrel-macos-x86_64