CRAN Package Check Results for Package derivmkts

Last updated on 2023-10-01 08:51:56 CEST.

Flavor Version Tinstall Tcheck Ttotal Status Flags
r-devel-linux-x86_64-debian-clang 0.2.5 5.51 61.57 67.08 NOTE
r-devel-linux-x86_64-debian-gcc 0.2.5 3.74 48.08 51.82 NOTE
r-devel-linux-x86_64-fedora-clang 0.2.5 87.11 NOTE
r-devel-linux-x86_64-fedora-gcc 0.2.5 96.44 NOTE
r-devel-windows-x86_64 0.2.5 6.00 127.00 133.00 NOTE
r-patched-linux-x86_64 0.2.5 3.94 61.98 65.92 NOTE
r-release-linux-x86_64 0.2.5 4.02 62.68 66.70 NOTE
r-release-macos-arm64 0.2.5 36.00 NOTE
r-release-macos-x86_64 0.2.5 48.00 NOTE
r-release-windows-x86_64 0.2.5 6.00 77.00 83.00 NOTE
r-oldrel-macos-arm64 0.2.5 32.00 OK
r-oldrel-macos-x86_64 0.2.5 38.00 OK
r-oldrel-windows-x86_64 0.2.5 10.00 80.00 90.00 OK

Check Details

Version: 0.2.5
Check: Rd files
Result: NOTE
    checkRd: (-1) barriers.Rd:127: Escaped LaTeX specials: \$
Flavors: r-devel-linux-x86_64-debian-clang, r-devel-linux-x86_64-debian-gcc, r-devel-linux-x86_64-fedora-clang, r-devel-linux-x86_64-fedora-gcc, r-devel-windows-x86_64, r-patched-linux-x86_64, r-release-linux-x86_64, r-release-macos-arm64, r-release-macos-x86_64, r-release-windows-x86_64