Last updated on 2023-09-24 08:58:15 CEST.
Flavor | Version | Tinstall | Tcheck | Ttotal | Status | Flags |
---|---|---|---|---|---|---|
r-devel-linux-x86_64-debian-clang | 1.0.0 | 7.89 | 72.44 | 80.33 | OK | |
r-devel-linux-x86_64-debian-gcc | 1.0.0 | 6.27 | 55.42 | 61.69 | OK | |
r-devel-linux-x86_64-fedora-clang | 1.0.0 | 97.79 | NOTE | |||
r-devel-linux-x86_64-fedora-gcc | 1.0.0 | 113.90 | NOTE | |||
r-devel-windows-x86_64 | 1.0.0 | 9.00 | 79.00 | 88.00 | OK | |
r-patched-linux-x86_64 | 1.0.0 | 5.37 | 68.81 | 74.18 | OK | |
r-release-linux-x86_64 | 1.0.0 | 5.20 | 70.52 | 75.72 | OK | |
r-release-macos-arm64 | 1.0.0 | 42.00 | OK | |||
r-release-macos-x86_64 | 1.0.0 | 63.00 | OK | |||
r-release-windows-x86_64 | 1.0.0 | 11.00 | 88.00 | 99.00 | OK | |
r-oldrel-macos-arm64 | 1.0.0 | 42.00 | NOTE | |||
r-oldrel-macos-x86_64 | 1.0.0 | 51.00 | NOTE | |||
r-oldrel-windows-x86_64 | 1.0.0 | 12.00 | 92.00 | 104.00 | OK |
Version: 1.0.0
Check: data for non-ASCII characters
Result: NOTE
Note: found 2020 marked UTF-8 strings
Flavors: r-devel-linux-x86_64-fedora-clang, r-devel-linux-x86_64-fedora-gcc, r-oldrel-macos-arm64, r-oldrel-macos-x86_64