CRAN Package Check Results for Package cvmdisc

Last updated on 2024-02-21 19:53:11 CET.

Flavor Version Tinstall Tcheck Ttotal Status Flags
r-devel-linux-x86_64-debian-clang 0.1.0 NOTE
r-devel-linux-x86_64-debian-gcc 0.1.0 2.58 33.95 36.53 NOTE
r-devel-linux-x86_64-fedora-clang 0.1.0 57.19 NOTE
r-devel-linux-x86_64-fedora-gcc 0.1.0 56.10 NOTE
r-devel-windows-x86_64 0.1.0 3.00 55.00 58.00 NOTE
r-patched-linux-x86_64 0.1.0 3.63 44.53 48.16 NOTE
r-release-linux-x86_64 0.1.0 2.76 43.54 46.30 NOTE
r-release-macos-arm64 0.1.0 24.00 NOTE
r-release-macos-x86_64 0.1.0 32.00 NOTE
r-release-windows-x86_64 0.1.0 4.00 61.00 65.00 NOTE
r-oldrel-macos-arm64 0.1.0 25.00 NOTE
r-oldrel-windows-x86_64 0.1.0 5.00 65.00 70.00 NOTE

Check Details

Version: 0.1.0
Check: LazyData
Result: NOTE 'LazyData' is specified without a 'data' directory Flavors: r-devel-linux-x86_64-debian-clang, r-devel-linux-x86_64-debian-gcc, r-devel-linux-x86_64-fedora-clang, r-devel-linux-x86_64-fedora-gcc, r-devel-windows-x86_64, r-patched-linux-x86_64, r-release-linux-x86_64, r-release-macos-arm64, r-release-macos-x86_64, r-release-windows-x86_64, r-oldrel-macos-arm64, r-oldrel-windows-x86_64