Last updated on 2023-04-01 08:55:38 CEST.
Flavor | Version | Tinstall | Tcheck | Ttotal | Status | Flags |
---|---|---|---|---|---|---|
r-devel-linux-x86_64-debian-clang | 0.2.0 | 1.57 | 52.48 | 54.05 | NOTE | |
r-devel-linux-x86_64-debian-gcc | 0.2.0 | 1.67 | 37.26 | 38.93 | NOTE | |
r-devel-linux-x86_64-fedora-clang | 0.2.0 | 65.99 | NOTE | |||
r-devel-linux-x86_64-fedora-gcc | 0.2.0 | 72.82 | NOTE | |||
r-devel-windows-x86_64 | 0.2.0 | 17.00 | 83.00 | 100.00 | NOTE | |
r-patched-linux-x86_64 | 0.2.0 | 1.80 | 49.90 | 51.70 | NOTE | |
r-release-linux-x86_64 | 0.2.0 | 2.20 | 50.30 | 52.50 | NOTE | |
r-release-macos-arm64 | 0.2.0 | 23.00 | NOTE | |||
r-release-macos-x86_64 | 0.2.0 | 32.00 | NOTE | |||
r-release-windows-x86_64 | 0.2.0 | 16.00 | 86.00 | 102.00 | NOTE | |
r-oldrel-macos-arm64 | 0.2.0 | 28.00 | NOTE | |||
r-oldrel-macos-x86_64 | 0.2.0 | 40.00 | NOTE | |||
r-oldrel-windows-ix86+x86_64 | 0.2.0 | 5.00 | 76.00 | 81.00 | NOTE |
Version: 0.2.0
Check: LazyData
Result: NOTE
'LazyData' is specified without a 'data' directory
Flavors: r-devel-linux-x86_64-debian-clang, r-devel-linux-x86_64-debian-gcc, r-devel-linux-x86_64-fedora-clang, r-devel-linux-x86_64-fedora-gcc, r-devel-windows-x86_64, r-patched-linux-x86_64, r-release-linux-x86_64, r-release-macos-arm64, r-release-macos-x86_64, r-release-windows-x86_64, r-oldrel-macos-arm64, r-oldrel-macos-x86_64, r-oldrel-windows-ix86+x86_64