CRAN Package Check Results for Package cultevo

Last updated on 2023-10-01 08:51:56 CEST.

Flavor Version Tinstall Tcheck Ttotal Status Flags
r-devel-linux-x86_64-debian-clang 1.0.2 3.40 51.49 54.89 OK
r-devel-linux-x86_64-debian-gcc 1.0.2 3.86 38.80 42.66 OK
r-devel-linux-x86_64-fedora-clang 1.0.2 68.58 NOTE
r-devel-linux-x86_64-fedora-gcc 1.0.2 82.61 NOTE
r-devel-windows-x86_64 1.0.2 5.00 62.00 67.00 OK
r-patched-linux-x86_64 1.0.2 3.45 49.27 52.72 OK
r-release-linux-x86_64 1.0.2 2.86 50.24 53.10 OK
r-release-macos-arm64 1.0.2 35.00 OK
r-release-macos-x86_64 1.0.2 47.00 OK
r-release-windows-x86_64 1.0.2 8.00 70.00 78.00 OK
r-oldrel-macos-arm64 1.0.2 26.00 NOTE
r-oldrel-macos-x86_64 1.0.2 40.00 NOTE
r-oldrel-windows-x86_64 1.0.2 7.00 69.00 76.00 OK

Check Details

Version: 1.0.2
Check: dependencies in R code
Result: NOTE
    Namespace in Imports field not imported from: ‘pspearman’
     All declared Imports should be used.
Flavors: r-devel-linux-x86_64-fedora-clang, r-devel-linux-x86_64-fedora-gcc, r-oldrel-macos-arm64, r-oldrel-macos-x86_64