Last updated on 2023-03-25 07:59:30 CET.
Flavor | Version | Tinstall | Tcheck | Ttotal | Status | Flags |
---|---|---|---|---|---|---|
r-devel-linux-x86_64-debian-clang | 0.2.5 | 13.82 | 118.57 | 132.39 | OK | |
r-devel-linux-x86_64-debian-gcc | 0.2.5 | 12.49 | 91.47 | 103.96 | OK | |
r-devel-linux-x86_64-fedora-clang | 0.2.5 | 170.76 | NOTE | |||
r-devel-linux-x86_64-fedora-gcc | 0.2.5 | 169.44 | NOTE | |||
r-patched-linux-x86_64 | 0.2.5 | 16.33 | 119.86 | 136.19 | OK | |
r-release-linux-x86_64 | 0.2.5 | 15.04 | 118.51 | 133.55 | OK | |
r-release-macos-arm64 | 0.2.5 | 64.00 | NOTE | |||
r-release-macos-x86_64 | 0.2.5 | 87.00 | NOTE | |||
r-release-windows-x86_64 | 0.2.5 | 40.00 | 161.00 | 201.00 | OK | |
r-oldrel-macos-arm64 | 0.2.5 | 65.00 | NOTE | |||
r-oldrel-macos-x86_64 | 0.2.5 | 70.00 | NOTE | |||
r-oldrel-windows-ix86+x86_64 | 0.2.5 | 30.00 | 154.00 | 184.00 | OK |
Version: 0.2.5
Check: data for non-ASCII characters
Result: NOTE
Note: found 1350 marked UTF-8 strings
Flavors: r-devel-linux-x86_64-fedora-clang, r-devel-linux-x86_64-fedora-gcc, r-release-macos-arm64, r-release-macos-x86_64, r-oldrel-macos-arm64, r-oldrel-macos-x86_64