CRAN Package Check Results for Package cricketdata

Last updated on 2022-11-29 19:06:42 CET.

Flavor Version Tinstall Tcheck Ttotal Status Flags
r-devel-linux-x86_64-debian-clang 0.2.1 6.88 106.16 113.04 OK
r-devel-linux-x86_64-debian-gcc 0.2.1 5.07 78.36 83.43 OK
r-devel-linux-x86_64-fedora-clang 0.2.1 149.00 NOTE
r-devel-linux-x86_64-fedora-gcc 0.2.1 161.73 NOTE
r-devel-windows-x86_64 0.2.1 19.00 138.00 157.00 OK
r-patched-linux-x86_64 0.2.1 8.00 97.64 105.64 OK
r-release-linux-x86_64 0.2.1 8.07 90.28 98.35 OK
r-release-macos-arm64 0.2.1 45.00 NOTE
r-release-macos-x86_64 0.2.1 70.00 NOTE
r-release-windows-x86_64 0.2.1 28.00 141.00 169.00 OK
r-oldrel-macos-arm64 0.2.1 54.00 NOTE
r-oldrel-macos-x86_64 0.2.1 70.00 NOTE
r-oldrel-windows-ix86+x86_64 0.2.1 18.00 128.00 146.00 OK

Check Details

Version: 0.2.1
Check: data for non-ASCII characters
Result: NOTE
     Note: found 34 marked UTF-8 strings
Flavors: r-devel-linux-x86_64-fedora-clang, r-devel-linux-x86_64-fedora-gcc, r-release-macos-arm64, r-release-macos-x86_64, r-oldrel-macos-arm64, r-oldrel-macos-x86_64