CRAN Package Check Results for Package creditmodel

Last updated on 2022-11-29 06:50:45 CET.

Flavor Version Tinstall Tcheck Ttotal Status Flags
r-devel-linux-x86_64-debian-clang 1.3.1 31.45 655.38 686.83 NOTE
r-devel-linux-x86_64-debian-gcc 1.3.1 26.40 389.11 415.51 NOTE
r-devel-linux-x86_64-fedora-clang 1.3.1 718.52 NOTE
r-devel-linux-x86_64-fedora-gcc 1.3.1 692.25 NOTE
r-devel-windows-x86_64 1.3.1 171.00 515.00 686.00 NOTE
r-patched-linux-x86_64 1.3.1 33.11 474.30 507.41 OK
r-release-linux-x86_64 1.3.1 25.90 487.61 513.51 OK
r-release-macos-arm64 1.3.1 132.00 OK
r-release-macos-x86_64 1.3.1 234.00 OK
r-release-windows-x86_64 1.3.1 176.00 485.00 661.00 OK
r-oldrel-macos-arm64 1.3.1 140.00 OK
r-oldrel-macos-x86_64 1.3.1 245.00 OK
r-oldrel-windows-ix86+x86_64 1.3.1 58.00 525.00 583.00 OK

Check Details

Version: 1.3.1
Check: package subdirectories
Result: NOTE
    Problems with news in 'NEWS.md':
    No news entries found.
Flavors: r-devel-linux-x86_64-debian-clang, r-devel-linux-x86_64-debian-gcc, r-devel-linux-x86_64-fedora-clang, r-devel-linux-x86_64-fedora-gcc, r-devel-windows-x86_64