Last updated on 2023-10-02 20:11:56 CEST.
Flavor | Version | Tinstall | Tcheck | Ttotal | Status | Flags |
---|---|---|---|---|---|---|
r-devel-linux-x86_64-debian-clang | 1.3.1 | 34.43 | 635.70 | 670.13 | NOTE | |
r-devel-linux-x86_64-debian-gcc | 1.3.1 | 25.16 | 374.18 | 399.34 | NOTE | |
r-devel-linux-x86_64-fedora-clang | 1.3.1 | 676.03 | NOTE | |||
r-devel-linux-x86_64-fedora-gcc | 1.3.1 | 635.60 | NOTE | |||
r-devel-windows-x86_64 | 1.3.1 | 31.00 | 378.00 | 409.00 | NOTE | |
r-patched-linux-x86_64 | 1.3.1 | 32.58 | 454.28 | 486.86 | NOTE | |
r-release-linux-x86_64 | 1.3.1 | 26.67 | 467.74 | 494.41 | NOTE | |
r-release-macos-arm64 | 1.3.1 | 179.00 | NOTE | |||
r-release-macos-x86_64 | 1.3.1 | 319.00 | NOTE | |||
r-release-windows-x86_64 | 1.3.1 | 44.00 | 461.00 | 505.00 | NOTE | |
r-oldrel-macos-arm64 | 1.3.1 | 132.00 | OK | |||
r-oldrel-macos-x86_64 | 1.3.1 | 234.00 | OK | |||
r-oldrel-windows-x86_64 | 1.3.1 | 37.00 | 426.00 | 463.00 | OK |
Version: 1.3.1
Check: package subdirectories
Result: NOTE
Problems with news in ‘NEWS.md’:
No news entries found.
Flavors: r-devel-linux-x86_64-debian-clang, r-devel-linux-x86_64-debian-gcc, r-devel-linux-x86_64-fedora-clang, r-devel-linux-x86_64-fedora-gcc, r-devel-windows-x86_64, r-patched-linux-x86_64, r-release-linux-x86_64, r-release-macos-arm64, r-release-macos-x86_64, r-release-windows-x86_64
Version: 1.3.1
Check: installed package size
Result: NOTE
installed size is 5.3Mb
sub-directories of 1Mb or more:
data 4.1Mb
Flavor: r-release-macos-x86_64